Last updated on 2024-07-18 01:55:28 CEST.
Flavor | Version | Tinstall | Tcheck | Ttotal | Status | Flags |
---|---|---|---|---|---|---|
r-devel-linux-x86_64-debian-clang | 1.0.0 | 1.91 | 21.72 | 23.63 | OK | |
r-devel-linux-x86_64-debian-gcc | 1.0.0 | 1.51 | 17.07 | 18.58 | OK | |
r-devel-linux-x86_64-fedora-clang | 1.0.0 | 29.77 | NOTE | |||
r-devel-linux-x86_64-fedora-gcc | 1.0.0 | 28.36 | NOTE | |||
r-devel-windows-x86_64 | 1.0.0 | 2.00 | 37.00 | 39.00 | OK | |
r-patched-linux-x86_64 | 1.0.0 | 1.80 | 20.73 | 22.53 | OK | |
r-release-linux-x86_64 | 1.0.0 | 1.81 | 20.31 | 22.12 | OK | |
r-release-macos-arm64 | 1.0.0 | 14.00 | OK | |||
r-release-macos-x86_64 | 1.0.0 | 22.00 | OK | |||
r-release-windows-x86_64 | 1.0.0 | 3.00 | 36.00 | 39.00 | OK | |
r-oldrel-macos-arm64 | 1.0.0 | 16.00 | OK | |||
r-oldrel-macos-x86_64 | 1.0.0 | 21.00 | OK | |||
r-oldrel-windows-x86_64 | 1.0.0 | 2.00 | 35.00 | 37.00 | OK |
Version: 1.0.0
Check: data for non-ASCII characters
Result: NOTE
Note: found 3 marked UTF-8 strings
Flavors: r-devel-linux-x86_64-fedora-clang, r-devel-linux-x86_64-fedora-gcc