Last updated on 2025-10-31 13:50:47 CET.
| Flavor | Version | Tinstall | Tcheck | Ttotal | Status | Flags | 
|---|---|---|---|---|---|---|
| r-devel-linux-x86_64-debian-clang | 0.15-38 | 238.35 | 210.15 | 448.50 | NOTE | |
| r-devel-linux-x86_64-debian-gcc | 0.15-38 | 180.62 | 162.67 | 343.29 | NOTE | |
| r-devel-linux-x86_64-fedora-clang | 0.15-38 | 600.00 | 187.53 | 787.53 | OK | |
| r-devel-linux-x86_64-fedora-gcc | 0.15-38 | 571.00 | 208.56 | 779.56 | OK | |
| r-devel-windows-x86_64 | 0.15-38 | 281.00 | 178.00 | 459.00 | OK | --no-vignettes | 
| r-patched-linux-x86_64 | 0.15-38 | 257.42 | 202.29 | 459.71 | NOTE | |
| r-release-linux-x86_64 | 0.15-38 | 254.40 | 203.42 | 457.82 | NOTE | |
| r-release-macos-arm64 | 0.15-38 | 102.00 | 153.00 | 255.00 | OK | |
| r-release-macos-x86_64 | 0.15-38 | 92.00 | 214.00 | 306.00 | OK | |
| r-release-windows-x86_64 | 0.15-38 | 297.00 | 161.00 | 458.00 | OK | --no-vignettes | 
| r-oldrel-macos-arm64 | 0.15-38 | 98.00 | 128.00 | 226.00 | NOTE | |
| r-oldrel-macos-x86_64 | 0.15-38 | 79.00 | 177.00 | 256.00 | NOTE | |
| r-oldrel-windows-x86_64 | 0.15-38 | 347.00 | 201.00 | 548.00 | OK | --no-vignettes | 
Version: 0.15-38
Check: for unstated dependencies in ‘demo’
Result: NOTE
  'library' or 'require' call not declared from: ‘ggplot2’
Flavors: r-devel-linux-x86_64-debian-clang, r-devel-linux-x86_64-debian-gcc, r-patched-linux-x86_64, r-release-linux-x86_64
Version: 0.15-38
Check: installed package size
Result: NOTE
    installed size is 29.3Mb
    sub-directories of 1Mb or more:
      libs  27.6Mb
Flavors: r-oldrel-macos-arm64, r-oldrel-macos-x86_64