Last updated on 2025-07-08 13:49:06 CEST.
Flavor | Version | Tinstall | Tcheck | Ttotal | Status | Flags |
---|---|---|---|---|---|---|
r-devel-linux-x86_64-debian-clang | 0.1.2 | 9.19 | 157.90 | 167.09 | NOTE | |
r-devel-linux-x86_64-debian-gcc | 0.1.2 | 6.89 | 111.91 | 118.80 | NOTE | |
r-devel-linux-x86_64-fedora-clang | 0.1.2 | 260.70 | OK | |||
r-devel-linux-x86_64-fedora-gcc | 0.1.2 | 279.35 | OK | |||
r-devel-windows-x86_64 | 0.1.2 | 10.00 | 165.00 | 175.00 | OK | |
r-patched-linux-x86_64 | 0.1.2 | 9.36 | 150.00 | 159.36 | OK | |
r-release-linux-x86_64 | 0.1.2 | 9.03 | 149.43 | 158.46 | OK | |
r-release-macos-arm64 | 0.1.2 | 100.00 | OK | |||
r-release-macos-x86_64 | 0.1.2 | 175.00 | OK | |||
r-release-windows-x86_64 | 0.1.2 | 11.00 | 170.00 | 181.00 | OK | |
r-oldrel-macos-arm64 | 0.1.2 | 79.00 | OK | |||
r-oldrel-macos-x86_64 | 0.1.2 | 121.00 | OK | |||
r-oldrel-windows-x86_64 | 0.1.2 | 13.00 | 209.00 | 222.00 | OK |
Version: 0.1.2
Check: CRAN incoming feasibility
Result: NOTE
Maintainer: ‘Cheng Ju <jucheng1992@gmail.com>’
The Description field contains
algorithm (Ju et al. (2017) <arXiv:1706.10029>).
Please refer to arXiv e-prints via their arXiv DOI <doi:10.48550/arXiv.YYMM.NNNNN>.
Flavors: r-devel-linux-x86_64-debian-clang, r-devel-linux-x86_64-debian-gcc