Last updated on 2025-11-14 00:50:42 CET.
| Flavor | Version | Tinstall | Tcheck | Ttotal | Status | Flags |
|---|---|---|---|---|---|---|
| r-devel-linux-x86_64-debian-clang | 0.1-4 | 11.60 | 71.88 | 83.48 | NOTE | |
| r-devel-linux-x86_64-debian-gcc | 0.1-4 | 8.03 | 51.43 | 59.46 | NOTE | |
| r-devel-linux-x86_64-fedora-clang | 0.1-4 | 21.00 | 100.70 | 121.70 | OK | |
| r-devel-linux-x86_64-fedora-gcc | 0.1-4 | 22.00 | 103.95 | 125.95 | OK | |
| r-devel-windows-x86_64 | 0.1-4 | 22.00 | 105.00 | 127.00 | OK | |
| r-patched-linux-x86_64 | 0.1-4 | 11.46 | 68.91 | 80.37 | OK | |
| r-release-linux-x86_64 | 0.1-4 | 8.61 | 68.54 | 77.15 | OK | |
| r-release-macos-arm64 | 0.1-4 | 9.00 | 41.00 | 50.00 | OK | |
| r-release-macos-x86_64 | 0.1-4 | 13.00 | 76.00 | 89.00 | OK | |
| r-release-windows-x86_64 | 0.1-4 | 22.00 | 106.00 | 128.00 | OK | |
| r-oldrel-macos-arm64 | 0.1-4 | 8.00 | 37.00 | 45.00 | NOTE | |
| r-oldrel-macos-x86_64 | 0.1-4 | 10.00 | 57.00 | 67.00 | NOTE | |
| r-oldrel-windows-x86_64 | 0.1-4 | 28.00 | 116.00 | 144.00 | OK |
Version: 0.1-4
Check: CRAN incoming feasibility
Result: NOTE
Maintainer: ‘Wei-Chen Chen <wccsnow@gmail.com>’
Package CITATION file contains call(s) to old-style personList() or
as.personList(). Please use c() on person objects instead.
Package CITATION file contains call(s) to old-style citEntry(). Please
use bibentry() instead.
Flavors: r-devel-linux-x86_64-debian-clang, r-devel-linux-x86_64-debian-gcc
Version: 0.1-4
Check: package dependencies
Result: NOTE
Package which this enhances but not available for checking: ‘pbdMPI’
Flavors: r-oldrel-macos-arm64, r-oldrel-macos-x86_64