Last updated on 2025-10-31 13:50:47 CET.
| Flavor | Version | Tinstall | Tcheck | Ttotal | Status | Flags | 
|---|---|---|---|---|---|---|
| r-devel-linux-x86_64-debian-clang | 1.2 | 37.66 | 293.64 | 331.30 | NOTE | |
| r-devel-linux-x86_64-debian-gcc | 1.2 | 28.59 | 217.82 | 246.41 | NOTE | |
| r-devel-linux-x86_64-fedora-clang | 1.2 | 173.00 | 374.28 | 547.28 | OK | |
| r-devel-linux-x86_64-fedora-gcc | 1.2 | 203.00 | 323.77 | 526.77 | OK | |
| r-devel-windows-x86_64 | 1.2 | 34.00 | 250.00 | 284.00 | OK | |
| r-patched-linux-x86_64 | 1.2 | 0.32 | 1.72 | 2.04 | ERROR | |
| r-release-linux-x86_64 | 1.2 | 37.58 | 289.64 | 327.22 | OK | |
| r-release-macos-arm64 | 1.2 | 15.00 | 102.00 | 117.00 | OK | |
| r-release-macos-x86_64 | 1.2 | 10.00 | ERROR | |||
| r-release-windows-x86_64 | 1.2 | 32.00 | 253.00 | 285.00 | OK | |
| r-oldrel-macos-arm64 | 1.2 | 15.00 | 98.00 | 113.00 | NOTE | |
| r-oldrel-macos-x86_64 | 1.2 | 24.00 | 161.00 | 185.00 | NOTE | |
| r-oldrel-windows-x86_64 | 1.2 | 33.00 | 241.00 | 274.00 | NOTE | 
Version: 1.2
Check: CRAN incoming feasibility
Result: NOTE
  Maintainer: ‘Nicolae Teodor Melita <nt_melita@yahoo.com>’
  
  No Authors@R field in DESCRIPTION.
  Please add one, modifying
    Authors@R: person(given = c("Nicolae", "Teodor"),
                      family = "Melita",
                      role = c("aut", "cre"),
                      email = "nt_melita@yahoo.com")
  as necessary.
Flavors: r-devel-linux-x86_64-debian-clang, r-devel-linux-x86_64-debian-gcc
Version: 1.2
Check: package dependencies
Result: ERROR
  Package required but not available: ‘MLInterfaces’
  
  See section ‘The DESCRIPTION file’ in the ‘Writing R Extensions’
  manual.
Flavors: r-patched-linux-x86_64, r-release-macos-x86_64
Version: 1.2
Check: LazyData
Result: NOTE
    'LazyData' is specified without a 'data' directory
Flavors: r-oldrel-macos-arm64, r-oldrel-macos-x86_64, r-oldrel-windows-x86_64