Last updated on 2025-10-31 13:50:47 CET.
| Flavor | Version | Tinstall | Tcheck | Ttotal | Status | Flags | 
|---|---|---|---|---|---|---|
| r-devel-linux-x86_64-debian-clang | 1.0 | 1.49 | 17.02 | 18.51 | OK | |
| r-devel-linux-x86_64-debian-gcc | 1.0 | 1.27 | 14.22 | 15.49 | OK | |
| r-devel-linux-x86_64-fedora-clang | 1.0 | 26.56 | OK | |||
| r-devel-linux-x86_64-fedora-gcc | 1.0 | 25.81 | OK | |||
| r-devel-windows-x86_64 | 1.0 | 3.00 | 32.00 | 35.00 | OK | |
| r-patched-linux-x86_64 | 1.0 | 1.33 | 16.15 | 17.48 | OK | |
| r-release-linux-x86_64 | 1.0 | 1.58 | 16.06 | 17.64 | OK | |
| r-release-macos-arm64 | 1.0 | 1.00 | 11.00 | 12.00 | OK | |
| r-release-macos-x86_64 | 1.0 | 1.00 | 21.00 | 22.00 | OK | |
| r-release-windows-x86_64 | 1.0 | 4.00 | 36.00 | 40.00 | OK | |
| r-oldrel-macos-arm64 | 1.0 | 1.00 | 12.00 | 13.00 | NOTE | |
| r-oldrel-macos-x86_64 | 1.0 | 1.00 | 18.00 | 19.00 | NOTE | |
| r-oldrel-windows-x86_64 | 1.0 | 3.00 | 32.00 | 35.00 | NOTE | 
Version: 1.0
Check: LazyData
Result: NOTE
    'LazyData' is specified without a 'data' directory
Flavors: r-oldrel-macos-arm64, r-oldrel-macos-x86_64, r-oldrel-windows-x86_64