Last updated on 2025-11-01 12:49:38 CET.
| Flavor | Version | Tinstall | Tcheck | Ttotal | Status | Flags |
|---|---|---|---|---|---|---|
| r-devel-linux-x86_64-debian-clang | 1.2.1 | 3.17 | 32.21 | 35.38 | NOTE | |
| r-devel-linux-x86_64-debian-gcc | 1.2.1 | 3.01 | 24.74 | 27.75 | NOTE | |
| r-devel-linux-x86_64-fedora-clang | 1.2.1 | 51.93 | OK | |||
| r-devel-linux-x86_64-fedora-gcc | 1.2.1 | 49.22 | OK | |||
| r-devel-windows-x86_64 | 1.2.1 | 5.00 | 59.00 | 64.00 | OK | |
| r-patched-linux-x86_64 | 1.2.1 | 4.90 | 30.34 | 35.24 | OK | |
| r-release-linux-x86_64 | 1.2.1 | 3.87 | 30.03 | 33.90 | OK | |
| r-release-macos-arm64 | 1.2.1 | 2.00 | 17.00 | 19.00 | OK | |
| r-release-macos-x86_64 | 1.2.1 | 3.00 | 31.00 | 34.00 | OK | |
| r-release-windows-x86_64 | 1.2.1 | 5.00 | 59.00 | 64.00 | OK | |
| r-oldrel-macos-arm64 | 1.2.1 | 2.00 | 16.00 | 18.00 | OK | |
| r-oldrel-macos-x86_64 | 1.2.1 | 3.00 | 25.00 | 28.00 | OK | |
| r-oldrel-windows-x86_64 | 1.2.1 | 8.00 | 63.00 | 71.00 | OK |
Version: 1.2.1
Check: CRAN incoming feasibility
Result: NOTE
Maintainer: ‘Lutz P Breitling <l.breitling@posteo.de>’
No Authors@R field in DESCRIPTION.
Please add one, modifying
Authors@R: person(given = c("Lutz", "P"),
family = "Breitling",
role = c("aut", "cre"),
email = "l.breitling@posteo.de")
as necessary.
Flavors: r-devel-linux-x86_64-debian-clang, r-devel-linux-x86_64-debian-gcc