Last updated on 2025-10-31 13:50:47 CET.
| Flavor | Version | Tinstall | Tcheck | Ttotal | Status | Flags | 
|---|---|---|---|---|---|---|
| r-devel-linux-x86_64-debian-clang | 0.0.1 | 1.43 | 17.35 | 18.78 | OK | |
| r-devel-linux-x86_64-debian-gcc | 0.0.1 | 1.31 | 14.99 | 16.30 | OK | |
| r-devel-linux-x86_64-fedora-clang | 0.0.1 | 27.39 | OK | |||
| r-devel-linux-x86_64-fedora-gcc | 0.0.1 | 26.26 | OK | |||
| r-devel-windows-x86_64 | 0.0.1 | 3.00 | 33.00 | 36.00 | OK | |
| r-patched-linux-x86_64 | 0.0.1 | 1.47 | 16.77 | 18.24 | OK | |
| r-release-linux-x86_64 | 0.0.1 | 1.51 | 16.59 | 18.10 | OK | |
| r-release-macos-arm64 | 0.0.1 | 1.00 | 13.00 | 14.00 | OK | |
| r-release-macos-x86_64 | 0.0.1 | 1.00 | 20.00 | 21.00 | OK | |
| r-release-windows-x86_64 | 0.0.1 | 3.00 | 37.00 | 40.00 | OK | |
| r-oldrel-macos-arm64 | 0.0.1 | 1.00 | 12.00 | 13.00 | NOTE | |
| r-oldrel-macos-x86_64 | 0.0.1 | 1.00 | 19.00 | 20.00 | NOTE | |
| r-oldrel-windows-x86_64 | 0.0.1 | 2.00 | 34.00 | 36.00 | NOTE | 
Version: 0.0.1
Check: LazyData
Result: NOTE
    'LazyData' is specified without a 'data' directory
Flavors: r-oldrel-macos-arm64, r-oldrel-macos-x86_64, r-oldrel-windows-x86_64