Last updated on 2024-05-28 12:56:13 CEST.
Flavor | Version | Tinstall | Tcheck | Ttotal | Status | Flags |
---|---|---|---|---|---|---|
r-devel-linux-x86_64-debian-clang | 0.1.1 | 172.68 | 29.42 | 202.10 | NOTE | |
r-devel-linux-x86_64-debian-gcc | 0.1.1 | 101.70 | 22.30 | 124.00 | NOTE | |
r-devel-linux-x86_64-fedora-clang | 0.1.1 | 278.80 | NOTE | |||
r-devel-linux-x86_64-fedora-gcc | 0.1.1 | 274.21 | NOTE | |||
r-devel-windows-x86_64 | 0.1.1 | 114.00 | 67.00 | 181.00 | NOTE | |
r-patched-linux-x86_64 | 0.1.1 | 123.70 | 28.41 | 152.11 | NOTE | |
r-release-linux-x86_64 | 0.1.1 | 120.76 | 28.21 | 148.97 | NOTE | |
r-release-macos-arm64 | 0.1.1 | 52.00 | NOTE | |||
r-release-windows-x86_64 | 0.1.1 | 116.00 | 62.00 | 178.00 | NOTE | |
r-oldrel-macos-arm64 | 0.1.1 | 61.00 | NOTE | |||
r-oldrel-macos-x86_64 | 0.1.1 | 101.00 | NOTE | |||
r-oldrel-windows-x86_64 | 0.1.1 | 140.00 | 73.00 | 213.00 | NOTE |
Version: 0.1.1
Check: LazyData
Result: NOTE
'LazyData' is specified without a 'data' directory
Flavors: r-devel-linux-x86_64-debian-clang, r-devel-linux-x86_64-debian-gcc, r-devel-linux-x86_64-fedora-clang, r-devel-linux-x86_64-fedora-gcc, r-devel-windows-x86_64, r-patched-linux-x86_64, r-release-linux-x86_64, r-release-macos-arm64, r-release-windows-x86_64, r-oldrel-macos-arm64, r-oldrel-macos-x86_64, r-oldrel-windows-x86_64