Last updated on 2025-11-27 13:48:33 CET.
| Flavor | Version | Tinstall | Tcheck | Ttotal | Status | Flags |
|---|---|---|---|---|---|---|
| r-devel-linux-x86_64-debian-clang | 0.1.2 | 9.31 | 26.55 | 35.86 | NOTE | |
| r-devel-linux-x86_64-debian-gcc | 0.1.2 | 7.09 | 21.39 | 28.48 | NOTE | |
| r-devel-linux-x86_64-fedora-clang | 0.1.2 | 19.00 | 40.16 | 59.16 | NOTE | |
| r-devel-linux-x86_64-fedora-gcc | 0.1.2 | 25.00 | 29.30 | 54.30 | NOTE | |
| r-devel-windows-x86_64 | 0.1.2 | 18.00 | 56.00 | 74.00 | NOTE | |
| r-patched-linux-x86_64 | 0.1.2 | 9.46 | 23.96 | 33.42 | NOTE | |
| r-release-linux-x86_64 | 0.1.2 | 9.62 | 24.02 | 33.64 | NOTE | |
| r-release-macos-arm64 | 0.1.2 | NOTE | ||||
| r-release-macos-x86_64 | 0.1.2 | 9.00 | 26.00 | 35.00 | NOTE | |
| r-release-windows-x86_64 | 0.1.2 | 13.00 | 54.00 | 67.00 | NOTE | |
| r-oldrel-macos-arm64 | 0.1.2 | NOTE | ||||
| r-oldrel-macos-x86_64 | 0.1.2 | 10.00 | 27.00 | 37.00 | NOTE | |
| r-oldrel-windows-x86_64 | 0.1.2 | 16.00 | 70.00 | 86.00 | NOTE |
Version: 0.1.2
Check: C++ specification
Result: NOTE
Specified C++11: please drop specification unless essential
Flavors: r-devel-linux-x86_64-debian-clang, r-devel-linux-x86_64-debian-gcc, r-devel-windows-x86_64, r-patched-linux-x86_64, r-release-linux-x86_64, r-release-macos-arm64, r-release-macos-x86_64, r-release-windows-x86_64, r-oldrel-macos-arm64, r-oldrel-macos-x86_64, r-oldrel-windows-x86_64
Version: 0.1.2
Check: C++ specification
Result: NOTE
Specified C++11: support will be removed soon
Flavors: r-devel-linux-x86_64-fedora-clang, r-devel-linux-x86_64-fedora-gcc