Last updated on 2024-07-18 01:55:29 CEST.
Flavor | Version | Tinstall | Tcheck | Ttotal | Status | Flags |
---|---|---|---|---|---|---|
r-devel-linux-x86_64-debian-clang | 0.3.0 | 53.12 | 82.17 | 135.29 | NOTE | |
r-devel-linux-x86_64-debian-gcc | 0.3.0 | 38.28 | 61.56 | 99.84 | NOTE | |
r-devel-linux-x86_64-fedora-clang | 0.3.0 | 183.66 | NOTE | |||
r-devel-linux-x86_64-fedora-gcc | 0.3.0 | 183.08 | NOTE | |||
r-devel-windows-x86_64 | 0.3.0 | 45.00 | 103.00 | 148.00 | NOTE | |
r-patched-linux-x86_64 | 0.3.0 | 48.91 | 76.60 | 125.51 | NOTE | |
r-release-linux-x86_64 | 0.3.0 | 45.49 | 77.96 | 123.45 | NOTE | |
r-release-macos-arm64 | 0.3.0 | 43.00 | NOTE | |||
r-release-macos-x86_64 | 0.3.0 | 63.00 | NOTE | |||
r-release-windows-x86_64 | 0.3.0 | 46.00 | 103.00 | 149.00 | NOTE | |
r-oldrel-macos-arm64 | 0.3.0 | 50.00 | NOTE | |||
r-oldrel-macos-x86_64 | 0.3.0 | 82.00 | NOTE | |||
r-oldrel-windows-x86_64 | 0.3.0 | 55.00 | 117.00 | 172.00 | NOTE |
Version: 0.3.0
Check: LazyData
Result: NOTE
'LazyData' is specified without a 'data' directory
Flavors: r-devel-linux-x86_64-debian-clang, r-devel-linux-x86_64-debian-gcc, r-devel-linux-x86_64-fedora-clang, r-devel-linux-x86_64-fedora-gcc, r-devel-windows-x86_64, r-patched-linux-x86_64, r-release-linux-x86_64, r-release-macos-arm64, r-release-macos-x86_64, r-release-windows-x86_64, r-oldrel-macos-arm64, r-oldrel-macos-x86_64, r-oldrel-windows-x86_64
Version: 0.3.0
Check: Rd cross-references
Result: NOTE
Found the following Rd file(s) with Rd \link{} targets missing package
anchors:
sim.dpp.modal.fast.Rd: spam
sim.dpp.modal.fast.seq.Rd: spam
Please provide package anchors for all Rd \link{} targets not in the
package itself and the base packages.
Flavor: r-devel-windows-x86_64