Last updated on 2024-05-27 02:48:00 CEST.
Flavor | Version | Tinstall | Tcheck | Ttotal | Status | Flags |
---|---|---|---|---|---|---|
r-devel-linux-x86_64-debian-clang | 1.0-2.2 | 249.23 | 168.50 | 417.73 | NOTE | |
r-devel-linux-x86_64-debian-gcc | 1.0-2.2 | 191.80 | 132.80 | 324.60 | NOTE | |
r-devel-linux-x86_64-fedora-clang | 1.0-2.2 | 536.00 | NOTE | |||
r-devel-linux-x86_64-fedora-gcc | 1.0-2.2 | 615.81 | NOTE | |||
r-devel-windows-x86_64 | 1.0-2.2 | 183.00 | 158.00 | 341.00 | NOTE | |
r-patched-linux-x86_64 | 1.0-2.2 | 165.99 | 172.88 | 338.87 | NOTE | |
r-release-linux-x86_64 | 1.0-2.2 | 182.01 | 170.37 | 352.38 | NOTE | |
r-release-macos-arm64 | 1.0-2.2 | 123.00 | NOTE | |||
r-release-windows-x86_64 | 1.0-2.2 | 181.00 | 167.00 | 348.00 | NOTE | |
r-oldrel-macos-arm64 | 1.0-2.2 | 134.00 | NOTE | |||
r-oldrel-macos-x86_64 | 1.0-2.2 | 206.00 | NOTE | |||
r-oldrel-windows-x86_64 | 1.0-2.2 | 232.00 | 194.00 | 426.00 | NOTE |
Version: 1.0-2.2
Check: for GNU extensions in Makefiles
Result: NOTE
GNU make is a SystemRequirements.
Flavors: r-devel-linux-x86_64-debian-clang, r-devel-linux-x86_64-debian-gcc, r-devel-linux-x86_64-fedora-clang, r-devel-linux-x86_64-fedora-gcc, r-devel-windows-x86_64, r-patched-linux-x86_64, r-release-linux-x86_64, r-release-macos-arm64, r-release-windows-x86_64, r-oldrel-macos-arm64, r-oldrel-macos-x86_64, r-oldrel-windows-x86_64
Version: 1.0-2.2
Check: installed package size
Result: NOTE
installed size is 44.7Mb
sub-directories of 1Mb or more:
doc 1.9Mb
libs 42.5Mb
Flavors: r-release-macos-arm64, r-oldrel-macos-arm64, r-oldrel-macos-x86_64