Last updated on 2025-10-31 13:50:47 CET.
| Flavor | Version | Tinstall | Tcheck | Ttotal | Status | Flags | 
|---|---|---|---|---|---|---|
| r-devel-linux-x86_64-debian-clang | 1.6 | 2.49 | 29.02 | 31.51 | NOTE | |
| r-devel-linux-x86_64-debian-gcc | 1.6 | 1.84 | 23.78 | 25.62 | NOTE | |
| r-devel-linux-x86_64-fedora-clang | 1.6 | 45.64 | OK | |||
| r-devel-linux-x86_64-fedora-gcc | 1.6 | 58.87 | OK | |||
| r-devel-windows-x86_64 | 1.6 | 3.00 | 54.00 | 57.00 | OK | |
| r-patched-linux-x86_64 | 1.6 | 2.56 | 28.34 | 30.90 | OK | |
| r-release-linux-x86_64 | 1.6 | 2.44 | 27.75 | 30.19 | OK | |
| r-release-macos-arm64 | 1.6 | 1.00 | 24.00 | 25.00 | OK | |
| r-release-macos-x86_64 | 1.6 | 2.00 | 42.00 | 44.00 | OK | |
| r-release-windows-x86_64 | 1.6 | 4.00 | 59.00 | 63.00 | OK | |
| r-oldrel-macos-arm64 | 1.6 | 1.00 | 23.00 | 24.00 | OK | |
| r-oldrel-macos-x86_64 | 1.6 | 2.00 | 34.00 | 36.00 | OK | |
| r-oldrel-windows-x86_64 | 1.6 | 3.00 | 55.00 | 58.00 | OK | 
Version: 1.6
Check: CRAN incoming feasibility
Result: NOTE
  Maintainer: ‘Francisco Parra  <parra_fj@cantabria.es>’
  
  No Authors@R field in DESCRIPTION.
  Please add one, modifying
    Authors@R: person(given = "Francisco",
                      family = "Parra",
                      role = c("aut", "cre"),
                      email = "parra_fj@cantabria.es")
  as necessary.
Flavors: r-devel-linux-x86_64-debian-clang, r-devel-linux-x86_64-debian-gcc