Last updated on 2025-11-27 13:48:33 CET.
| Flavor | Version | Tinstall | Tcheck | Ttotal | Status | Flags |
|---|---|---|---|---|---|---|
| r-devel-linux-x86_64-debian-clang | 0.3.0 | 5.38 | 44.26 | 49.64 | NOTE | |
| r-devel-linux-x86_64-debian-gcc | 0.3.0 | 3.33 | 34.96 | 38.29 | NOTE | |
| r-devel-linux-x86_64-fedora-clang | 0.3.0 | 76.41 | NOTE | |||
| r-devel-linux-x86_64-fedora-gcc | 0.3.0 | 18.00 | 79.21 | 97.21 | NOTE | |
| r-devel-windows-x86_64 | 0.3.0 | 8.00 | 61.00 | 69.00 | NOTE | |
| r-patched-linux-x86_64 | 0.3.0 | 3.88 | 42.16 | 46.04 | NOTE | |
| r-release-linux-x86_64 | 0.3.0 | 4.96 | 41.88 | 46.84 | NOTE | |
| r-release-macos-arm64 | 0.3.0 | NOTE | ||||
| r-release-macos-x86_64 | 0.3.0 | 5.00 | 54.00 | 59.00 | NOTE | |
| r-release-windows-x86_64 | 0.3.0 | 7.00 | 59.00 | 66.00 | NOTE | |
| r-oldrel-macos-arm64 | 0.3.0 | OK | ||||
| r-oldrel-macos-x86_64 | 0.3.0 | 4.00 | 50.00 | 54.00 | OK | |
| r-oldrel-windows-x86_64 | 0.3.0 | 9.00 | 73.00 | 82.00 | OK |
Version: 0.3.0
Check: DESCRIPTION meta-information
Result: NOTE
Missing dependency on R >= 4.1.0 because package code uses the pipe
|> or function shorthand \(...) syntax added in R 4.1.0.
File(s) using such syntax:
‘mod_template_srv.R’
Flavors: r-devel-linux-x86_64-debian-clang, r-devel-linux-x86_64-debian-gcc, r-devel-linux-x86_64-fedora-clang, r-devel-linux-x86_64-fedora-gcc, r-devel-windows-x86_64, r-patched-linux-x86_64, r-release-linux-x86_64, r-release-macos-arm64, r-release-macos-x86_64, r-release-windows-x86_64