Last updated on 2025-07-04 00:50:01 CEST.
Flavor | Version | Tinstall | Tcheck | Ttotal | Status | Flags |
---|---|---|---|---|---|---|
r-devel-linux-x86_64-debian-clang | 0.9.0 | 6.12 | 54.07 | 60.19 | NOTE | |
r-devel-linux-x86_64-debian-gcc | 0.9.0 | 4.50 | 39.65 | 44.15 | NOTE | |
r-devel-linux-x86_64-fedora-clang | 0.9.0 | 94.41 | OK | |||
r-devel-linux-x86_64-fedora-gcc | 0.9.0 | 85.25 | OK | |||
r-devel-windows-x86_64 | 0.9.0 | 7.00 | 65.00 | 72.00 | OK | |
r-patched-linux-x86_64 | 0.9.0 | 6.38 | 48.39 | 54.77 | OK | |
r-release-linux-x86_64 | 0.9.0 | 4.82 | 48.67 | 53.49 | OK | |
r-release-macos-arm64 | 0.9.0 | 30.00 | OK | |||
r-release-macos-x86_64 | 0.9.0 | 64.00 | OK | |||
r-release-windows-x86_64 | 0.9.0 | 8.00 | 68.00 | 76.00 | OK | |
r-oldrel-macos-arm64 | 0.9.0 | 29.00 | OK | |||
r-oldrel-macos-x86_64 | 0.9.0 | 46.00 | OK | |||
r-oldrel-windows-x86_64 | 0.9.0 | 9.00 | 79.00 | 88.00 | OK |
Version: 0.9.0
Check: CRAN incoming feasibility
Result: NOTE
Maintainer: ‘Riaz Arbi <diffdfs@arbidata.com>’
The BugReports field in DESCRIPTION has
https://github.com/riazarbi/diffdfs
which should likely be
https://github.com/riazarbi/diffdfs/issues
instead.
Flavors: r-devel-linux-x86_64-debian-clang, r-devel-linux-x86_64-debian-gcc