CRAN Package Check Results for Package dineq

Last updated on 2025-07-11 12:49:17 CEST.

Flavor Version Tinstall Tcheck Ttotal Status Flags
r-devel-linux-x86_64-debian-clang 0.1.0 2.91 30.08 32.99 NOTE
r-devel-linux-x86_64-debian-gcc 0.1.0 1.71 24.07 25.78 NOTE
r-devel-linux-x86_64-fedora-clang 0.1.0 51.10 OK
r-devel-linux-x86_64-fedora-gcc 0.1.0 47.87 OK
r-devel-windows-x86_64 0.1.0 4.00 59.00 63.00 OK
r-patched-linux-x86_64 0.1.0 2.75 28.86 31.61 OK
r-release-linux-x86_64 0.1.0 2.47 28.40 30.87 OK
r-release-macos-arm64 0.1.0 30.00 OK
r-release-macos-x86_64 0.1.0 39.00 OK
r-release-windows-x86_64 0.1.0 4.00 59.00 63.00 OK
r-oldrel-macos-arm64 0.1.0 21.00 OK
r-oldrel-macos-x86_64 0.1.0 31.00 OK
r-oldrel-windows-x86_64 0.1.0 5.00 63.00 68.00 OK

Check Details

Version: 0.1.0
Check: CRAN incoming feasibility
Result: NOTE Maintainer: ‘René Schulenberg <reneschulenberg@gmail.com>’ No Authors@R field in DESCRIPTION. Please add one, modifying Authors@R: person(given = "René", family = "Schulenberg", role = c("aut", "cre"), email = "reneschulenberg@gmail.com") as necessary. Flavors: r-devel-linux-x86_64-debian-clang, r-devel-linux-x86_64-debian-gcc