Last updated on 2024-05-28 12:56:13 CEST.
Flavor | Version | Tinstall | Tcheck | Ttotal | Status | Flags |
---|---|---|---|---|---|---|
r-devel-linux-x86_64-debian-clang | 1.7.4 | 38.08 | 80.04 | 118.12 | NOTE | |
r-devel-linux-x86_64-debian-gcc | 1.7.4 | 26.41 | 60.17 | 86.58 | NOTE | |
r-devel-linux-x86_64-fedora-clang | 1.7.4 | 165.28 | NOTE | |||
r-devel-linux-x86_64-fedora-gcc | 1.7.4 | 171.11 | NOTE | |||
r-devel-windows-x86_64 | 1.7.4 | 31.00 | 111.00 | 142.00 | NOTE | |
r-patched-linux-x86_64 | 1.7.4 | 33.05 | 77.15 | 110.20 | NOTE | |
r-release-linux-x86_64 | 1.7.4 | 31.94 | 78.80 | 110.74 | NOTE | |
r-release-macos-arm64 | 1.7.4 | 52.00 | NOTE | |||
r-release-windows-x86_64 | 1.7.4 | 30.00 | 111.00 | 141.00 | NOTE | |
r-oldrel-macos-arm64 | 1.7.4 | 56.00 | NOTE | |||
r-oldrel-macos-x86_64 | 1.7.4 | 88.00 | NOTE | |||
r-oldrel-windows-x86_64 | 1.7.4 | 31.00 | 122.00 | 153.00 | NOTE |
Version: 1.7.4
Check: C++ specification
Result: NOTE
Specified C++11: please drop specification unless essential
Flavors: r-devel-linux-x86_64-debian-clang, r-devel-linux-x86_64-debian-gcc, r-devel-linux-x86_64-fedora-clang, r-devel-linux-x86_64-fedora-gcc, r-devel-windows-x86_64, r-patched-linux-x86_64, r-release-linux-x86_64, r-release-macos-arm64, r-release-windows-x86_64, r-oldrel-macos-arm64, r-oldrel-macos-x86_64, r-oldrel-windows-x86_64