Last updated on 2025-11-27 13:48:34 CET.
| Flavor | Version | Tinstall | Tcheck | Ttotal | Status | Flags |
|---|---|---|---|---|---|---|
| r-devel-linux-x86_64-debian-clang | 1.7.4 | 18.23 | 70.04 | 88.27 | NOTE | |
| r-devel-linux-x86_64-debian-gcc | 1.7.4 | 13.38 | 50.19 | 63.57 | NOTE | |
| r-devel-linux-x86_64-fedora-clang | 1.7.4 | 130.00 | 37.01 | 167.01 | NOTE | |
| r-devel-linux-x86_64-fedora-gcc | 1.7.4 | 90.00 | 86.66 | 176.66 | NOTE | |
| r-devel-windows-x86_64 | 1.7.4 | 31.00 | 108.00 | 139.00 | NOTE | |
| r-patched-linux-x86_64 | 1.7.4 | 19.97 | 67.35 | 87.32 | NOTE | |
| r-release-linux-x86_64 | 1.7.4 | 18.96 | 67.55 | 86.51 | NOTE | |
| r-release-macos-arm64 | 1.7.4 | NOTE | ||||
| r-release-macos-x86_64 | 1.7.4 | 12.00 | 77.00 | 89.00 | NOTE | |
| r-release-windows-x86_64 | 1.7.4 | 23.00 | 111.00 | 134.00 | NOTE | |
| r-oldrel-macos-arm64 | 1.7.4 | NOTE | ||||
| r-oldrel-macos-x86_64 | 1.7.4 | 10.00 | 60.00 | 70.00 | NOTE | |
| r-oldrel-windows-x86_64 | 1.7.4 | 29.00 | 140.00 | 169.00 | NOTE |
Version: 1.7.4
Check: C++ specification
Result: NOTE
Specified C++11: please drop specification unless essential
Flavors: r-devel-linux-x86_64-debian-clang, r-devel-linux-x86_64-debian-gcc, r-devel-windows-x86_64, r-patched-linux-x86_64, r-release-linux-x86_64, r-release-macos-arm64, r-release-macos-x86_64, r-release-windows-x86_64, r-oldrel-macos-arm64, r-oldrel-macos-x86_64, r-oldrel-windows-x86_64
Version: 1.7.4
Check: C++ specification
Result: NOTE
Specified C++11: support will be removed soon
Flavors: r-devel-linux-x86_64-fedora-clang, r-devel-linux-x86_64-fedora-gcc