Last updated on 2025-07-08 13:49:07 CEST.
Flavor | Version | Tinstall | Tcheck | Ttotal | Status | Flags |
---|---|---|---|---|---|---|
r-devel-linux-x86_64-debian-clang | 2.0.6 | 25.01 | 247.61 | 272.62 | OK | |
r-devel-linux-x86_64-debian-gcc | 2.0.6 | 14.39 | 153.17 | 167.56 | OK | |
r-devel-linux-x86_64-fedora-clang | 2.0.6 | 465.76 | OK | |||
r-devel-linux-x86_64-fedora-gcc | 2.0.6 | 835.07 | OK | |||
r-devel-windows-x86_64 | 2.0.6 | 24.00 | 202.00 | 226.00 | OK | |
r-patched-linux-x86_64 | 2.0.6 | 22.19 | 231.55 | 253.74 | OK | |
r-release-linux-x86_64 | 2.0.6 | 23.94 | 229.63 | 253.57 | OK | |
r-release-macos-arm64 | 2.0.6 | 98.00 | OK | |||
r-release-macos-x86_64 | 2.0.6 | 220.00 | OK | |||
r-release-windows-x86_64 | 2.0.6 | 26.00 | 204.00 | 230.00 | OK | |
r-oldrel-macos-arm64 | 2.0.6 | 88.00 | NOTE | |||
r-oldrel-macos-x86_64 | 2.0.6 | 153.00 | NOTE | |||
r-oldrel-windows-x86_64 | 2.0.6 | 35.00 | 259.00 | 294.00 | OK |
Version: 2.0.6
Check: package dependencies
Result: NOTE
Package which this enhances but not available for checking: ‘INLA’
Flavors: r-oldrel-macos-arm64, r-oldrel-macos-x86_64