Last updated on 2025-10-31 13:50:48 CET.
| Flavor | Version | Tinstall | Tcheck | Ttotal | Status | Flags | 
|---|---|---|---|---|---|---|
| r-devel-linux-x86_64-debian-clang | 2.8.3 | 12.62 | 101.88 | 114.50 | NOTE | |
| r-devel-linux-x86_64-debian-gcc | 2.8.3 | 9.45 | 70.79 | 80.24 | NOTE | |
| r-devel-linux-x86_64-fedora-clang | 2.8.3 | 27.00 | 145.25 | 172.25 | NOTE | |
| r-devel-linux-x86_64-fedora-gcc | 2.8.3 | 48.00 | 128.65 | 176.65 | NOTE | |
| r-devel-windows-x86_64 | 2.8.3 | 13.00 | 97.00 | 110.00 | OK | |
| r-patched-linux-x86_64 | 2.8.3 | 11.47 | 96.01 | 107.48 | OK | |
| r-release-linux-x86_64 | 2.8.3 | 11.51 | 95.54 | 107.05 | OK | |
| r-release-macos-arm64 | 2.8.3 | 5.00 | 45.00 | 50.00 | OK | |
| r-release-macos-x86_64 | 2.8.3 | 12.00 | 91.00 | 103.00 | OK | |
| r-release-windows-x86_64 | 2.8.3 | 13.00 | 100.00 | 113.00 | OK | |
| r-oldrel-macos-arm64 | 2.8.3 | 5.00 | 47.00 | 52.00 | OK | |
| r-oldrel-macos-x86_64 | 2.8.3 | 9.00 | 113.00 | 122.00 | OK | |
| r-oldrel-windows-x86_64 | 2.8.3 | 17.00 | 123.00 | 140.00 | OK | 
Version: 2.8.3
Check: Rd files
Result: NOTE
  checkRd: (-1) 0distrRmetrics-package.Rd:14-25: Only 2 columns allowed in this table (row 6 has 1)
Flavors: r-devel-linux-x86_64-debian-clang, r-devel-linux-x86_64-debian-gcc, r-devel-linux-x86_64-fedora-clang, r-devel-linux-x86_64-fedora-gcc