Last updated on 2025-10-31 13:50:48 CET.
| Flavor | Version | Tinstall | Tcheck | Ttotal | Status | Flags | 
|---|---|---|---|---|---|---|
| r-devel-linux-x86_64-debian-clang | 1.0.3.1 | 5.45 | 27.49 | 32.94 | NOTE | |
| r-devel-linux-x86_64-debian-gcc | 1.0.3.1 | 4.00 | 22.72 | 26.72 | NOTE | |
| r-devel-linux-x86_64-fedora-clang | 1.0.3.1 | 15.00 | 36.55 | 51.55 | OK | |
| r-devel-linux-x86_64-fedora-gcc | 1.0.3.1 | 14.00 | 32.98 | 46.98 | OK | |
| r-devel-windows-x86_64 | 1.0.3.1 | 17.00 | 58.00 | 75.00 | OK | |
| r-patched-linux-x86_64 | 1.0.3.1 | 5.15 | 26.23 | 31.38 | OK | |
| r-release-linux-x86_64 | 1.0.3.1 | 5.50 | 26.27 | 31.77 | OK | |
| r-release-macos-arm64 | 1.0.3.1 | 5.00 | 24.00 | 29.00 | OK | |
| r-release-macos-x86_64 | 1.0.3.1 | 8.00 | 36.00 | 44.00 | OK | |
| r-release-windows-x86_64 | 1.0.3.1 | 15.00 | 60.00 | 75.00 | OK | |
| r-oldrel-macos-arm64 | 1.0.3.1 | 4.00 | 21.00 | 25.00 | NOTE | |
| r-oldrel-macos-x86_64 | 1.0.3.1 | 7.00 | 31.00 | 38.00 | NOTE | |
| r-oldrel-windows-x86_64 | 1.0.3.1 | 21.00 | 81.00 | 102.00 | NOTE | 
Version: 1.0.3.1
Check: CRAN incoming feasibility
Result: NOTE
  Maintainer: ‘Jan Wijffels <jwijffels@bnosac.be>’
  
  No Authors@R field in DESCRIPTION.
  Please add one, modifying
    Authors@R: c(person(given = "Jan",
                        family = "Wijffels",
                        role = c("aut", "cre"),
                        email = "jwijffels@bnosac.be"),
                 person(family = "BNOSAC",
                        role = "aut"),
                 person(given = "Davis",
                        family = "King",
                        role = "aut"),
                 person(given = c("dlib", "package"),
                        family = "authors",
                        role = "aut",
                        comment = "see file AUTHORS"))
  as necessary.
Flavors: r-devel-linux-x86_64-debian-clang, r-devel-linux-x86_64-debian-gcc
Version: 1.0.3.1
Check: installed package size
Result: NOTE
    installed size is 16.2Mb
    sub-directories of 1Mb or more:
      include  15.8Mb
Flavors: r-oldrel-macos-arm64, r-oldrel-macos-x86_64, r-oldrel-windows-x86_64