Last updated on 2025-07-08 13:49:07 CEST.
Flavor | Version | Tinstall | Tcheck | Ttotal | Status | Flags |
---|---|---|---|---|---|---|
r-devel-linux-x86_64-debian-clang | 1.1.0 | 413.71 | 135.77 | 549.48 | OK | |
r-devel-linux-x86_64-debian-gcc | 1.1.0 | 322.32 | 120.49 | 442.81 | OK | |
r-devel-linux-x86_64-fedora-clang | 1.1.0 | 909.78 | OK | |||
r-devel-linux-x86_64-fedora-gcc | 1.1.0 | 1054.33 | OK | |||
r-devel-windows-x86_64 | 1.1.0 | 398.00 | 192.00 | 590.00 | OK | |
r-patched-linux-x86_64 | 1.1.0 | 464.88 | 159.34 | 624.22 | OK | |
r-release-linux-x86_64 | 1.1.0 | 455.86 | 159.95 | 615.81 | OK | |
r-release-macos-arm64 | 1.1.0 | 192.00 | OK | |||
r-release-macos-x86_64 | 1.1.0 | 267.00 | OK | |||
r-release-windows-x86_64 | 1.1.0 | 404.00 | 180.00 | 584.00 | OK | |
r-oldrel-macos-arm64 | 1.1.0 | 209.00 | NOTE | |||
r-oldrel-macos-x86_64 | 1.1.0 | 268.00 | NOTE | |||
r-oldrel-windows-x86_64 | 1.1.0 | 473.00 | 221.00 | 694.00 | NOTE |
Version: 1.1.0
Check: installed package size
Result: NOTE
installed size is 51.6Mb
sub-directories of 1Mb or more:
data 2.8Mb
libs 47.8Mb
Flavors: r-oldrel-macos-arm64, r-oldrel-macos-x86_64, r-oldrel-windows-x86_64