Last updated on 2024-05-28 12:56:14 CEST.
Flavor | Version | Tinstall | Tcheck | Ttotal | Status | Flags |
---|---|---|---|---|---|---|
r-devel-linux-x86_64-debian-clang | 1.8.6 | 2.78 | 55.49 | 58.27 | OK | |
r-devel-linux-x86_64-debian-gcc | 1.8.6 | 1.84 | 38.78 | 40.62 | WARN | |
r-devel-linux-x86_64-fedora-clang | 1.8.6 | 74.78 | OK | |||
r-devel-linux-x86_64-fedora-gcc | 1.8.6 | 84.12 | OK | |||
r-devel-windows-x86_64 | 1.8.6 | 3.00 | 98.00 | 101.00 | OK | |
r-patched-linux-x86_64 | 1.8.6 | 4.88 | 55.57 | 60.45 | OK | |
r-release-linux-x86_64 | 1.8.6 | 2.28 | 54.60 | 56.88 | OK | |
r-release-macos-arm64 | 1.8.6 | 82.00 | NOTE | |||
r-release-windows-x86_64 | 1.8.6 | 3.00 | 98.00 | 101.00 | OK | |
r-oldrel-macos-arm64 | 1.8.6 | 89.00 | NOTE | |||
r-oldrel-macos-x86_64 | 1.8.6 | 145.00 | NOTE | |||
r-oldrel-windows-x86_64 | 1.8.6 | 4.00 | 103.00 | 107.00 | OK |
Version: 1.8.6
Check: re-building of vignette outputs
Result: WARN
Error(s) in re-building vignettes:
...
--- re-building ‘doRNG.Rnw’ using knitr
Converted 6 of 6 package citations to BibTeX
Writing 6 Bibtex entries ... OK
Results written to file 'Rpackages.bib'
Error: processing vignette 'doRNG.Rnw' failed with diagnostics:
Running 'texi2dvi' on 'doRNG.tex' failed.
LaTeX errors:
! Undefined control sequence.
l.160 \hlkwd{library}\hldef
{(doParallel)}
?
! Emergency stop.
! Emergency stop.
l.160
End of file on the terminal!
! ==> Fatal error occurred, no output PDF file produced!
--- failed re-building ‘doRNG.Rnw’
SUMMARY: processing the following file failed:
‘doRNG.Rnw’
Error: Vignette re-building failed.
Execution halted
Flavor: r-devel-linux-x86_64-debian-gcc
Version: 1.8.6
Check: package dependencies
Result: NOTE
Package suggested but not available for checking: ‘doMPI’
Flavors: r-release-macos-arm64, r-oldrel-macos-arm64, r-oldrel-macos-x86_64
Version: 1.8.6
Check: Rd cross-references
Result: NOTE
Package unavailable to check Rd xrefs: ‘doMPI’
Flavors: r-release-macos-arm64, r-oldrel-macos-arm64, r-oldrel-macos-x86_64