Last updated on 2024-05-27 02:48:01 CEST.
Flavor | Version | Tinstall | Tcheck | Ttotal | Status | Flags |
---|---|---|---|---|---|---|
r-devel-linux-x86_64-debian-clang | 0.2.1 | 6.91 | 92.42 | 99.33 | NOTE | |
r-devel-linux-x86_64-debian-gcc | 0.2.1 | 4.18 | 71.88 | 76.06 | NOTE | |
r-devel-linux-x86_64-fedora-clang | 0.2.1 | 126.58 | NOTE | |||
r-devel-linux-x86_64-fedora-gcc | 0.2.1 | 123.18 | NOTE | |||
r-devel-windows-x86_64 | 0.2.1 | 6.00 | 75.00 | 81.00 | NOTE | |
r-patched-linux-x86_64 | 0.2.1 | 5.51 | 88.16 | 93.67 | NOTE | |
r-release-linux-x86_64 | 0.2.1 | 5.62 | 86.13 | 91.75 | NOTE | |
r-release-macos-arm64 | 0.2.1 | 34.00 | NOTE | |||
r-release-windows-x86_64 | 0.2.1 | 6.00 | 74.00 | 80.00 | NOTE | |
r-oldrel-macos-arm64 | 0.2.1 | 35.00 | NOTE | |||
r-oldrel-macos-x86_64 | 0.2.1 | 51.00 | NOTE | |||
r-oldrel-windows-x86_64 | 0.2.1 | 8.00 | 84.00 | 92.00 | NOTE |
Version: 0.2.1
Check: LazyData
Result: NOTE
'LazyData' is specified without a 'data' directory
Flavors: r-devel-linux-x86_64-debian-clang, r-devel-linux-x86_64-debian-gcc, r-devel-linux-x86_64-fedora-clang, r-devel-linux-x86_64-fedora-gcc, r-devel-windows-x86_64, r-patched-linux-x86_64, r-release-linux-x86_64, r-release-macos-arm64, r-release-windows-x86_64, r-oldrel-macos-arm64, r-oldrel-macos-x86_64, r-oldrel-windows-x86_64
Version: 0.2.1
Check: tests
Result: NOTE
Running ‘testthat.R’ [38s/15s]
Running R code in ‘testthat.R’ had CPU time 2.5 times elapsed time
Flavor: r-devel-linux-x86_64-debian-clang
Version: 0.2.1
Check: tests
Result: NOTE
Running ‘testthat.R’ [35s/13s]
Running R code in ‘testthat.R’ had CPU time 2.6 times elapsed time
Flavor: r-release-linux-x86_64