CRAN Package Check Results for Package dsmisc

Last updated on 2025-11-27 13:48:34 CET.

Flavor Version Tinstall Tcheck Ttotal Status Flags
r-devel-linux-x86_64-debian-clang 0.3.3 9.80 26.95 36.75 NOTE
r-devel-linux-x86_64-debian-gcc 0.3.3 7.37 22.71 30.08 NOTE
r-devel-linux-x86_64-fedora-clang 0.3.3 24.00 35.75 59.75 NOTE
r-devel-linux-x86_64-fedora-gcc 0.3.3 29.00 27.04 56.04 NOTE
r-devel-windows-x86_64 0.3.3 18.00 60.00 78.00 NOTE
r-patched-linux-x86_64 0.3.3 9.97 24.96 34.93 NOTE
r-release-linux-x86_64 0.3.3 9.47 24.99 34.46 NOTE
r-release-macos-arm64 0.3.3 NOTE
r-release-macos-x86_64 0.3.3 8.00 29.00 37.00 NOTE
r-release-windows-x86_64 0.3.3 14.00 56.00 70.00 NOTE
r-oldrel-macos-arm64 0.3.3 NOTE
r-oldrel-macos-x86_64 0.3.3 8.00 23.00 31.00 NOTE
r-oldrel-windows-x86_64 0.3.3 18.00 72.00 90.00 NOTE

Check Details

Version: 0.3.3
Check: C++ specification
Result: NOTE Specified C++11: please drop specification unless essential Flavors: r-devel-linux-x86_64-debian-clang, r-devel-linux-x86_64-debian-gcc, r-devel-windows-x86_64, r-patched-linux-x86_64, r-release-linux-x86_64, r-release-macos-arm64, r-release-macos-x86_64, r-release-windows-x86_64, r-oldrel-macos-arm64, r-oldrel-macos-x86_64, r-oldrel-windows-x86_64

Version: 0.3.3
Check: C++ specification
Result: NOTE Specified C++11: support will be removed soon Flavors: r-devel-linux-x86_64-fedora-clang, r-devel-linux-x86_64-fedora-gcc