Last updated on 2025-10-31 13:50:48 CET.
| Flavor | Version | Tinstall | Tcheck | Ttotal | Status | Flags | 
|---|---|---|---|---|---|---|
| r-devel-linux-x86_64-debian-clang | 0.1.5 | 3.76 | 35.10 | 38.86 | OK | |
| r-devel-linux-x86_64-debian-gcc | 0.1.5 | 2.45 | 26.54 | 28.99 | OK | |
| r-devel-linux-x86_64-fedora-clang | 0.1.5 | 56.16 | NOTE | |||
| r-devel-linux-x86_64-fedora-gcc | 0.1.5 | 56.26 | NOTE | |||
| r-devel-windows-x86_64 | 0.1.5 | 5.00 | 64.00 | 69.00 | OK | |
| r-patched-linux-x86_64 | 0.1.5 | 3.18 | 33.42 | 36.60 | OK | |
| r-release-linux-x86_64 | 0.1.5 | 2.82 | 33.70 | 36.52 | OK | |
| r-release-macos-arm64 | 0.1.5 | 3.00 | 26.00 | 29.00 | OK | |
| r-release-macos-x86_64 | 0.1.5 | 4.00 | 41.00 | 45.00 | OK | |
| r-release-windows-x86_64 | 0.1.5 | 7.00 | 69.00 | 76.00 | OK | |
| r-oldrel-macos-arm64 | 0.1.5 | 3.00 | 22.00 | 25.00 | OK | |
| r-oldrel-macos-x86_64 | 0.1.5 | 4.00 | 32.00 | 36.00 | OK | |
| r-oldrel-windows-x86_64 | 0.1.5 | 5.00 | 65.00 | 70.00 | OK | 
Version: 0.1.5
Check: compiled code
Result: NOTE
  File ‘dualtrees/libs/dualtrees.so’:
    Found no calls to: ‘R_registerRoutines’, ‘R_useDynamicSymbols’
  
  It is good practice to register native routines and to disable symbol
  search.
  
  See ‘Writing portable packages’ in the ‘Writing R Extensions’ manual.
Flavors: r-devel-linux-x86_64-fedora-clang, r-devel-linux-x86_64-fedora-gcc