Last updated on 2025-11-27 13:48:34 CET.
| Flavor | Version | Tinstall | Tcheck | Ttotal | Status | Flags |
|---|---|---|---|---|---|---|
| r-devel-linux-x86_64-debian-clang | 2.2.9 | 29.02 | 355.39 | 384.41 | NOTE | |
| r-devel-linux-x86_64-debian-gcc | 2.2.9 | 20.51 | 232.37 | 252.88 | NOTE | |
| r-devel-linux-x86_64-fedora-clang | 2.2.9 | 73.00 | 552.32 | 625.32 | OK | |
| r-devel-linux-x86_64-fedora-gcc | 2.2.9 | 63.00 | 546.10 | 609.10 | OK | |
| r-devel-windows-x86_64 | 2.2.9 | 33.00 | 437.00 | 470.00 | OK | |
| r-patched-linux-x86_64 | 2.2.9 | 24.29 | 348.15 | 372.44 | OK | |
| r-release-linux-x86_64 | 2.2.9 | 29.07 | 347.93 | 377.00 | OK | |
| r-release-macos-arm64 | 2.2.9 | OK | ||||
| r-release-macos-x86_64 | 2.2.9 | 24.00 | 410.00 | 434.00 | OK | |
| r-release-windows-x86_64 | 2.2.9 | 29.00 | 432.00 | 461.00 | OK | |
| r-oldrel-macos-arm64 | 2.2.9 | OK | ||||
| r-oldrel-macos-x86_64 | 2.2.9 | 19.00 | 298.00 | 317.00 | OK | |
| r-oldrel-windows-x86_64 | 2.2.9 | 41.00 | 612.00 | 653.00 | OK |
Version: 2.2.9
Check: CRAN incoming feasibility
Result: NOTE
Maintainer: ‘Matteo Marcantonio <marcantoniomatteo@gmail.com>’
The BugReports field in DESCRIPTION has
https://github.com/mattmar/dynamAedes
which should likely be
https://github.com/mattmar/dynamAedes/issues
instead.
Flavors: r-devel-linux-x86_64-debian-clang, r-devel-linux-x86_64-debian-gcc