Last updated on 2025-11-27 13:48:34 CET.
| Flavor | Version | Tinstall | Tcheck | Ttotal | Status | Flags |
|---|---|---|---|---|---|---|
| r-devel-linux-x86_64-debian-clang | 0.2.3 | 25.58 | 67.08 | 92.66 | NOTE | |
| r-devel-linux-x86_64-debian-gcc | 0.2.3 | 19.22 | 53.26 | 72.48 | NOTE | |
| r-devel-linux-x86_64-fedora-clang | 0.2.3 | 37.00 | 119.85 | 156.85 | NOTE | |
| r-devel-linux-x86_64-fedora-gcc | 0.2.3 | 75.00 | 97.10 | 172.10 | NOTE | |
| r-devel-windows-x86_64 | 0.2.3 | 34.00 | 116.00 | 150.00 | NOTE | |
| r-patched-linux-x86_64 | 0.2.3 | 25.50 | 66.27 | 91.77 | NOTE | |
| r-release-linux-x86_64 | 0.2.3 | 26.08 | 65.42 | 91.50 | NOTE | |
| r-release-macos-arm64 | 0.2.3 | NOTE | ||||
| r-release-macos-x86_64 | 0.2.3 | 11.00 | 86.00 | 97.00 | NOTE | |
| r-release-windows-x86_64 | 0.2.3 | 31.00 | 113.00 | 144.00 | NOTE | |
| r-oldrel-macos-arm64 | 0.2.3 | NOTE | ||||
| r-oldrel-macos-x86_64 | 0.2.3 | 11.00 | 67.00 | 78.00 | NOTE | |
| r-oldrel-windows-x86_64 | 0.2.3 | 35.00 | 135.00 | 170.00 | NOTE |
Version: 0.2.3
Check: C++ specification
Result: NOTE
Specified C++11: please drop specification unless essential
Flavors: r-devel-linux-x86_64-debian-clang, r-devel-linux-x86_64-debian-gcc, r-devel-windows-x86_64, r-patched-linux-x86_64, r-release-linux-x86_64, r-release-macos-arm64, r-release-macos-x86_64, r-release-windows-x86_64, r-oldrel-macos-arm64, r-oldrel-macos-x86_64, r-oldrel-windows-x86_64
Version: 0.2.3
Check: C++ specification
Result: NOTE
Specified C++11: support will be removed soon
Flavors: r-devel-linux-x86_64-fedora-clang, r-devel-linux-x86_64-fedora-gcc