Last updated on 2025-10-31 13:50:48 CET.
| Flavor | Version | Tinstall | Tcheck | Ttotal | Status | Flags | 
|---|---|---|---|---|---|---|
| r-devel-linux-x86_64-debian-clang | 5.0 | 2.56 | 24.21 | 26.77 | NOTE | |
| r-devel-linux-x86_64-debian-gcc | 5.0 | 1.73 | 18.43 | 20.16 | NOTE | |
| r-devel-linux-x86_64-fedora-clang | 5.0 | 38.87 | OK | |||
| r-devel-linux-x86_64-fedora-gcc | 5.0 | 36.46 | OK | |||
| r-devel-windows-x86_64 | 5.0 | 4.00 | 42.00 | 46.00 | OK | |
| r-patched-linux-x86_64 | 5.0 | 2.44 | 22.64 | 25.08 | OK | |
| r-release-linux-x86_64 | 5.0 | 2.05 | 23.16 | 25.21 | OK | |
| r-release-macos-arm64 | 5.0 | 1.00 | 16.00 | 17.00 | OK | |
| r-release-macos-x86_64 | 5.0 | 2.00 | 25.00 | 27.00 | OK | |
| r-release-windows-x86_64 | 5.0 | 3.00 | 46.00 | 49.00 | OK | |
| r-oldrel-macos-arm64 | 5.0 | 1.00 | 15.00 | 16.00 | OK | |
| r-oldrel-macos-x86_64 | 5.0 | 2.00 | 20.00 | 22.00 | OK | |
| r-oldrel-windows-x86_64 | 5.0 | 3.00 | 43.00 | 46.00 | OK | 
Version: 5.0
Check: CRAN incoming feasibility
Result: NOTE
  Maintainer: ‘Emmanuel Arnhold <emmanuelarnhold@yahoo.com.br>’
  
  No Authors@R field in DESCRIPTION.
  Please add one, modifying
    Authors@R: person(given = "Emmanuel",
                      family = "Arnhold",
                      role = c("aut", "cre"),
                      email = "emmanuelarnhold@yahoo.com.br")
  as necessary.
Flavors: r-devel-linux-x86_64-debian-clang, r-devel-linux-x86_64-debian-gcc