Last updated on 2025-10-31 13:50:48 CET.
| Flavor | Version | Tinstall | Tcheck | Ttotal | Status | Flags | 
|---|---|---|---|---|---|---|
| r-devel-linux-x86_64-debian-clang | 1.0 | 1.43 | 17.74 | 19.17 | NOTE | |
| r-devel-linux-x86_64-debian-gcc | 1.0 | 1.31 | 15.12 | 16.43 | NOTE | |
| r-devel-linux-x86_64-fedora-clang | 1.0 | 28.12 | OK | |||
| r-devel-linux-x86_64-fedora-gcc | 1.0 | 26.73 | OK | |||
| r-devel-windows-x86_64 | 1.0 | 3.00 | 38.00 | 41.00 | OK | |
| r-patched-linux-x86_64 | 1.0 | 1.51 | 16.65 | 18.16 | OK | |
| r-release-linux-x86_64 | 1.0 | 1.43 | 16.56 | 17.99 | OK | |
| r-release-macos-arm64 | 1.0 | 1.00 | 15.00 | 16.00 | OK | |
| r-release-macos-x86_64 | 1.0 | 2.00 | 28.00 | 30.00 | OK | |
| r-release-windows-x86_64 | 1.0 | 3.00 | 40.00 | 43.00 | OK | |
| r-oldrel-macos-arm64 | 1.0 | 1.00 | 15.00 | 16.00 | OK | |
| r-oldrel-macos-x86_64 | 1.0 | 1.00 | 19.00 | 20.00 | OK | |
| r-oldrel-windows-x86_64 | 1.0 | 3.00 | 36.00 | 39.00 | OK | 
Version: 1.0
Check: CRAN incoming feasibility
Result: NOTE
  Maintainer: ‘Geoff Hing <geoffhing@gmail.com>’
  
  No Authors@R field in DESCRIPTION.
  Please add one, modifying
    Authors@R: person(given = "Geoff",
                      family = "Hing",
                      role = c("aut", "cre"),
                      email = "geoffhing@gmail.com")
  as necessary.
  
  The Description field contains
    (https://github.com/newsdev/elex/), a Python package and command line
  Please enclose URLs in angle brackets (<...>).
Flavors: r-devel-linux-x86_64-debian-clang, r-devel-linux-x86_64-debian-gcc