Last updated on 2025-10-31 13:50:48 CET.
| Flavor | Version | Tinstall | Tcheck | Ttotal | Status | Flags | 
|---|---|---|---|---|---|---|
| r-devel-linux-x86_64-debian-clang | 1.2 | 67.77 | 63.23 | 131.00 | OK | |
| r-devel-linux-x86_64-debian-gcc | 1.2 | 47.02 | 62.13 | 109.15 | OK | |
| r-devel-linux-x86_64-fedora-clang | 1.2 | 96.00 | 121.67 | 217.67 | OK | |
| r-devel-linux-x86_64-fedora-gcc | 1.2 | 92.00 | 146.44 | 238.44 | OK | |
| r-devel-windows-x86_64 | 1.2 | 79.00 | 93.00 | 172.00 | OK | |
| r-patched-linux-x86_64 | 1.2 | 67.63 | 72.62 | 140.25 | OK | |
| r-release-linux-x86_64 | 1.2 | 70.12 | 76.13 | 146.25 | OK | |
| r-release-macos-arm64 | 1.2 | 28.00 | 46.00 | 74.00 | OK | |
| r-release-macos-x86_64 | 1.2 | 22.00 | 71.00 | 93.00 | OK | |
| r-release-windows-x86_64 | 1.2 | 80.00 | 93.00 | 173.00 | OK | |
| r-oldrel-macos-arm64 | 1.2 | 21.00 | 43.00 | 64.00 | NOTE | |
| r-oldrel-macos-x86_64 | 1.2 | 20.00 | 66.00 | 86.00 | NOTE | |
| r-oldrel-windows-x86_64 | 1.2 | 92.00 | 112.00 | 204.00 | OK | 
Version: 1.2
Check: installed package size
Result: NOTE
    installed size is  5.9Mb
    sub-directories of 1Mb or more:
      libs   5.2Mb
Flavors: r-oldrel-macos-arm64, r-oldrel-macos-x86_64