Last updated on 2025-10-31 13:50:48 CET.
| Flavor | Version | Tinstall | Tcheck | Ttotal | Status | Flags | 
|---|---|---|---|---|---|---|
| r-devel-linux-x86_64-debian-clang | 1.0.0 | 38.46 | 24.89 | 63.35 | OK | |
| r-devel-linux-x86_64-debian-gcc | 1.0.0 | 36.72 | 20.79 | 57.51 | OK | |
| r-devel-linux-x86_64-fedora-clang | 1.0.0 | 74.00 | 21.10 | 95.10 | OK | |
| r-devel-linux-x86_64-fedora-gcc | 1.0.0 | 67.00 | 23.56 | 90.56 | OK | |
| r-devel-windows-x86_64 | 1.0.0 | 41.00 | 43.00 | 84.00 | OK | |
| r-patched-linux-x86_64 | 1.0.0 | 39.91 | 23.93 | 63.84 | OK | |
| r-release-linux-x86_64 | 1.0.0 | 38.69 | 24.01 | 62.70 | OK | |
| r-release-macos-arm64 | 1.0.0 | 35.00 | 19.00 | 54.00 | OK | |
| r-release-macos-x86_64 | 1.0.0 | 44.00 | 30.00 | 74.00 | OK | |
| r-release-windows-x86_64 | 1.0.0 | 44.00 | 47.00 | 91.00 | OK | |
| r-oldrel-macos-arm64 | 1.0.0 | 32.00 | 20.00 | 52.00 | NOTE | |
| r-oldrel-macos-x86_64 | 1.0.0 | 32.00 | 24.00 | 56.00 | NOTE | |
| r-oldrel-windows-x86_64 | 1.0.0 | 47.00 | 50.00 | 97.00 | NOTE | 
Version: 1.0.0
Check: installed package size
Result: NOTE
    installed size is  7.3Mb
    sub-directories of 1Mb or more:
      data   7.2Mb
Flavors: r-oldrel-macos-arm64, r-oldrel-macos-x86_64, r-oldrel-windows-x86_64