Last updated on 2024-05-27 02:48:02 CEST.
Flavor | Version | Tinstall | Tcheck | Ttotal | Status | Flags |
---|---|---|---|---|---|---|
r-devel-linux-x86_64-debian-clang | 1.0.0 | 39.15 | 30.22 | 69.37 | OK | |
r-devel-linux-x86_64-debian-gcc | 1.0.0 | 34.70 | 23.94 | 58.64 | OK | |
r-devel-linux-x86_64-fedora-clang | 1.0.0 | 95.83 | NOTE | |||
r-devel-linux-x86_64-fedora-gcc | 1.0.0 | 91.75 | OK | |||
r-devel-windows-x86_64 | 1.0.0 | 43.00 | 45.00 | 88.00 | NOTE | |
r-patched-linux-x86_64 | 1.0.0 | 40.68 | 29.92 | 70.60 | OK | |
r-release-linux-x86_64 | 1.0.0 | 40.53 | 29.64 | 70.17 | OK | |
r-release-macos-arm64 | 1.0.0 | 52.00 | NOTE | |||
r-release-macos-x86_64 | 1.0.0 | 125.00 | NOTE | |||
r-release-windows-x86_64 | 1.0.0 | 43.00 | 45.00 | 88.00 | NOTE | |
r-oldrel-macos-arm64 | 1.0.0 | 62.00 | NOTE | |||
r-oldrel-macos-x86_64 | 1.0.0 | 117.00 | NOTE | |||
r-oldrel-windows-x86_64 | 1.0.0 | 41.00 | 49.00 | 90.00 | NOTE |
Version: 1.0.0
Check: installed package size
Result: NOTE
installed size is 7.4Mb
sub-directories of 1Mb or more:
data 7.3Mb
Flavors: r-devel-linux-x86_64-fedora-clang, r-devel-windows-x86_64, r-release-macos-arm64, r-release-macos-x86_64, r-release-windows-x86_64, r-oldrel-macos-arm64, r-oldrel-macos-x86_64, r-oldrel-windows-x86_64