Last updated on 2025-10-31 13:50:49 CET.
| Flavor | Version | Tinstall | Tcheck | Ttotal | Status | Flags | 
|---|---|---|---|---|---|---|
| r-devel-linux-x86_64-debian-clang | 1.0.4 | 194.74 | 124.40 | 319.14 | OK | |
| r-devel-linux-x86_64-debian-gcc | 1.0.4 | 167.46 | 85.23 | 252.69 | OK | |
| r-devel-linux-x86_64-fedora-clang | 1.0.4 | 276.00 | 229.29 | 505.29 | OK | |
| r-devel-linux-x86_64-fedora-gcc | 1.0.4 | 207.00 | 410.17 | 617.17 | OK | |
| r-devel-windows-x86_64 | 1.0.4 | 211.00 | 174.00 | 385.00 | OK | |
| r-patched-linux-x86_64 | 1.0.4 | 223.64 | 119.99 | 343.63 | OK | |
| r-release-linux-x86_64 | 1.0.4 | 231.30 | 120.66 | 351.96 | OK | |
| r-release-macos-arm64 | 1.0.4 | 82.00 | 47.00 | 129.00 | OK | |
| r-release-macos-x86_64 | 1.0.4 | 87.00 | 120.00 | 207.00 | OK | |
| r-release-windows-x86_64 | 1.0.4 | 232.00 | 165.00 | 397.00 | OK | |
| r-oldrel-macos-arm64 | 1.0.4 | 87.00 | 55.00 | 142.00 | NOTE | |
| r-oldrel-macos-x86_64 | 1.0.4 | 89.00 | 113.00 | 202.00 | NOTE | |
| r-oldrel-windows-x86_64 | 1.0.4 | 277.00 | 232.00 | 509.00 | OK | 
Version: 1.0.4
Check: installed package size
Result: NOTE
    installed size is 30.7Mb
    sub-directories of 1Mb or more:
      libs  29.8Mb
Flavors: r-oldrel-macos-arm64, r-oldrel-macos-x86_64