Last updated on 2024-05-28 12:56:15 CEST.
Flavor | Version | Tinstall | Tcheck | Ttotal | Status | Flags |
---|---|---|---|---|---|---|
r-devel-linux-x86_64-debian-clang | 2.0 | 33.65 | 295.77 | 329.42 | OK | |
r-devel-linux-x86_64-debian-gcc | 2.0 | 27.13 | 201.98 | 229.11 | OK | |
r-devel-linux-x86_64-fedora-clang | 2.0 | 413.21 | NOTE | |||
r-devel-linux-x86_64-fedora-gcc | 2.0 | 367.16 | NOTE | |||
r-devel-windows-x86_64 | 2.0 | 26.00 | 172.00 | 198.00 | OK | |
r-patched-linux-x86_64 | 2.0 | 27.78 | 271.36 | 299.14 | OK | |
r-release-linux-x86_64 | 2.0 | 30.66 | 265.92 | 296.58 | OK | |
r-release-macos-arm64 | 2.0 | 84.00 | OK | |||
r-release-macos-x86_64 | 2.0 | 310.00 | OK | |||
r-release-windows-x86_64 | 2.0 | 22.00 | 169.00 | 191.00 | OK | |
r-oldrel-macos-arm64 | 2.0 | 84.00 | OK | |||
r-oldrel-macos-x86_64 | 2.0 | 210.00 | OK | |||
r-oldrel-windows-x86_64 | 2.0 | 40.00 | 241.00 | 281.00 | OK |
Version: 2.0
Check: data for non-ASCII characters
Result: NOTE
Note: found 1 marked UTF-8 string
Flavors: r-devel-linux-x86_64-fedora-clang, r-devel-linux-x86_64-fedora-gcc