Last updated on 2025-11-27 13:48:35 CET.
| Flavor | Version | Tinstall | Tcheck | Ttotal | Status | Flags |
|---|---|---|---|---|---|---|
| r-devel-linux-x86_64-debian-clang | 1.2 | 13.17 | 23.85 | 37.02 | NOTE | |
| r-devel-linux-x86_64-debian-gcc | 1.2 | 10.14 | 19.60 | 29.74 | NOTE | |
| r-devel-linux-x86_64-fedora-clang | 1.2 | 28.00 | 33.01 | 61.01 | NOTE | |
| r-devel-linux-x86_64-fedora-gcc | 1.2 | 28.00 | 31.48 | 59.48 | NOTE | |
| r-devel-windows-x86_64 | 1.2 | 20.00 | 62.00 | 82.00 | NOTE | |
| r-patched-linux-x86_64 | 1.2 | 12.92 | 22.60 | 35.52 | NOTE | |
| r-release-linux-x86_64 | 1.2 | 13.36 | 22.68 | 36.04 | NOTE | |
| r-release-macos-arm64 | 1.2 | NOTE | ||||
| r-release-macos-x86_64 | 1.2 | 16.00 | 43.00 | 59.00 | NOTE | |
| r-release-windows-x86_64 | 1.2 | 17.00 | 72.00 | 89.00 | NOTE | |
| r-oldrel-macos-arm64 | 1.2 | NOTE | ||||
| r-oldrel-macos-x86_64 | 1.2 | 12.00 | 26.00 | 38.00 | NOTE | |
| r-oldrel-windows-x86_64 | 1.2 | 18.00 | 70.00 | 88.00 | NOTE |
Version: 1.2
Check: CRAN incoming feasibility
Result: NOTE
Maintainer: ‘Xun Li <lixun910@gmail.com>’
No Authors@R field in DESCRIPTION.
Please add one, modifying
Authors@R: person(given = "Xun",
family = "Li",
role = c("aut", "cre"),
email = "lixun910@gmail.com")
as necessary.
Flavors: r-devel-linux-x86_64-debian-clang, r-devel-linux-x86_64-debian-gcc
Version: 1.2
Check: C++ specification
Result: NOTE
Specified C++11: please drop specification unless essential
Flavors: r-devel-linux-x86_64-debian-clang, r-devel-linux-x86_64-debian-gcc, r-devel-windows-x86_64, r-patched-linux-x86_64, r-release-linux-x86_64, r-release-macos-arm64, r-release-macos-x86_64, r-release-windows-x86_64, r-oldrel-macos-arm64, r-oldrel-macos-x86_64, r-oldrel-windows-x86_64
Version: 1.2
Check: C++ specification
Result: NOTE
Specified C++11: support will be removed soon
Flavors: r-devel-linux-x86_64-fedora-clang, r-devel-linux-x86_64-fedora-gcc