Last updated on 2025-10-31 13:50:49 CET.
| Flavor | Version | Tinstall | Tcheck | Ttotal | Status | Flags | 
|---|---|---|---|---|---|---|
| r-devel-linux-x86_64-debian-clang | 0.1.3 | 27.31 | 50.36 | 77.67 | OK | |
| r-devel-linux-x86_64-debian-gcc | 0.1.3 | 16.74 | 38.31 | 55.05 | OK | |
| r-devel-linux-x86_64-fedora-clang | 0.1.3 | 63.00 | 64.08 | 127.08 | OK | |
| r-devel-linux-x86_64-fedora-gcc | 0.1.3 | 56.00 | 62.25 | 118.25 | OK | |
| r-devel-windows-x86_64 | 0.1.3 | 28.00 | 86.00 | 114.00 | OK | |
| r-patched-linux-x86_64 | 0.1.3 | 22.94 | 51.05 | 73.99 | OK | |
| r-release-linux-x86_64 | 0.1.3 | 23.99 | 50.16 | 74.15 | OK | |
| r-release-macos-arm64 | 0.1.3 | 13.00 | 25.00 | 38.00 | OK | |
| r-release-macos-x86_64 | 0.1.3 | 21.00 | 47.00 | 68.00 | OK | |
| r-release-windows-x86_64 | 0.1.3 | 33.00 | 87.00 | 120.00 | OK | |
| r-oldrel-macos-arm64 | 0.1.3 | 12.00 | 24.00 | 36.00 | NOTE | |
| r-oldrel-macos-x86_64 | 0.1.3 | 29.00 | 60.00 | 89.00 | NOTE | |
| r-oldrel-windows-x86_64 | 0.1.3 | 35.00 | 106.00 | 141.00 | OK | 
Version: 0.1.3
Check: installed package size
Result: NOTE
    installed size is  6.6Mb
    sub-directories of 1Mb or more:
      libs   6.4Mb
Flavors: r-oldrel-macos-arm64, r-oldrel-macos-x86_64