Last updated on 2025-10-31 13:50:49 CET.
| Flavor | Version | Tinstall | Tcheck | Ttotal | Status | Flags | 
|---|---|---|---|---|---|---|
| r-devel-linux-x86_64-debian-clang | 0.9.1 | 13.30 | 114.33 | 127.63 | OK | |
| r-devel-linux-x86_64-debian-gcc | 0.9.1 | 9.57 | 80.99 | 90.56 | OK | |
| r-devel-linux-x86_64-fedora-clang | 0.9.1 | 68.00 | 135.64 | 203.64 | OK | |
| r-devel-linux-x86_64-fedora-gcc | 0.9.1 | 31.00 | 155.95 | 186.95 | OK | |
| r-devel-windows-x86_64 | 0.9.1 | 14.00 | 113.00 | 127.00 | OK | |
| r-patched-linux-x86_64 | 0.9.1 | 13.61 | 101.19 | 114.80 | OK | |
| r-release-linux-x86_64 | 0.9.1 | 12.77 | 107.07 | 119.84 | OK | |
| r-release-macos-arm64 | 0.9.1 | 5.00 | 44.00 | 49.00 | OK | |
| r-release-macos-x86_64 | 0.9.1 | 17.00 | 98.00 | 115.00 | OK | |
| r-release-windows-x86_64 | 0.9.1 | 18.00 | 113.00 | 131.00 | OK | |
| r-oldrel-macos-arm64 | 0.9.1 | 4.00 | 48.00 | 52.00 | OK | |
| r-oldrel-macos-x86_64 | 0.9.1 | 9.00 | 67.00 | 76.00 | NOTE | |
| r-oldrel-windows-x86_64 | 0.9.1 | 21.00 | 147.00 | 168.00 | OK | 
Version: 0.9.1
Check: package dependencies
Result: NOTE
  Package suggested but not available for checking: ‘TreeSummarizedExperiment’
Flavor: r-oldrel-macos-x86_64