Last updated on 2025-10-31 13:50:49 CET.
| Flavor | Version | Tinstall | Tcheck | Ttotal | Status | Flags | 
|---|---|---|---|---|---|---|
| r-devel-linux-x86_64-debian-clang | 3.5.7 | 4.66 | 29.73 | 34.39 | NOTE | |
| r-devel-linux-x86_64-debian-gcc | 3.5.7 | 3.32 | 23.55 | 26.87 | NOTE | |
| r-devel-linux-x86_64-fedora-clang | 3.5.7 | 19.00 | 35.41 | 54.41 | NOTE | |
| r-devel-linux-x86_64-fedora-gcc | 3.5.7 | 10.00 | 38.83 | 48.83 | NOTE | |
| r-devel-windows-x86_64 | 3.5.7 | 9.00 | 51.00 | 60.00 | NOTE | |
| r-patched-linux-x86_64 | 3.5.7 | 5.03 | 28.49 | 33.52 | NOTE | |
| r-release-linux-x86_64 | 3.5.7 | 4.52 | 28.45 | 32.97 | NOTE | |
| r-release-macos-arm64 | 3.5.7 | 3.00 | 17.00 | 20.00 | NOTE | |
| r-release-macos-x86_64 | 3.5.7 | 5.00 | 30.00 | 35.00 | NOTE | |
| r-release-windows-x86_64 | 3.5.7 | 8.00 | 52.00 | 60.00 | NOTE | |
| r-oldrel-macos-arm64 | 3.5.7 | 3.00 | 17.00 | 20.00 | NOTE | |
| r-oldrel-macos-x86_64 | 3.5.7 | 4.00 | 23.00 | 27.00 | NOTE | |
| r-oldrel-windows-x86_64 | 3.5.7 | 7.00 | 60.00 | 67.00 | NOTE | 
Version: 3.5.7
Check: CRAN incoming feasibility
Result: NOTE
  Maintainer: ‘Rajarshi Guha <rajarshi.guha@gmail.com>’
  
  No Authors@R field in DESCRIPTION.
  Please add one, modifying
    Authors@R: person(given = "Rajarshi",
                      family = "Guha",
                      role = c("aut", "cre"),
                      email = "rajarshi.guha@gmail.com")
  as necessary.
Flavors: r-devel-linux-x86_64-debian-clang, r-devel-linux-x86_64-debian-gcc
Version: 3.5.7
Check: Rd files
Result: NOTE
  checkRd: (-1) bitspec.Rd:8: Escaped LaTeX specials: \&
Flavors: r-devel-linux-x86_64-debian-clang, r-devel-linux-x86_64-debian-gcc, r-devel-linux-x86_64-fedora-clang, r-devel-linux-x86_64-fedora-gcc, r-devel-windows-x86_64, r-patched-linux-x86_64, r-release-linux-x86_64, r-release-macos-arm64, r-release-macos-x86_64, r-release-windows-x86_64, r-oldrel-macos-arm64, r-oldrel-macos-x86_64, r-oldrel-windows-x86_64