Last updated on 2025-07-09 00:48:26 CEST.
Flavor | Version | Tinstall | Tcheck | Ttotal | Status | Flags |
---|---|---|---|---|---|---|
r-devel-linux-x86_64-debian-clang | 0.4.0 | 96.69 | 270.12 | 366.81 | OK | |
r-devel-linux-x86_64-debian-gcc | 0.5.0 | 71.61 | 217.38 | 288.99 | OK | |
r-devel-linux-x86_64-fedora-clang | 0.5.0 | 683.28 | OK | |||
r-devel-linux-x86_64-fedora-gcc | 0.5.0 | 712.71 | OK | |||
r-devel-windows-x86_64 | 0.4.0 | 113.00 | 325.00 | 438.00 | OK | |
r-patched-linux-x86_64 | 0.4.0 | 104.92 | 286.13 | 391.05 | OK | |
r-release-linux-x86_64 | 0.4.0 | 97.48 | 291.88 | 389.36 | OK | |
r-release-macos-arm64 | 0.4.0 | 172.00 | OK | |||
r-release-macos-x86_64 | 0.5.0 | 315.00 | OK | |||
r-release-windows-x86_64 | 0.4.0 | 110.00 | 325.00 | 435.00 | OK | |
r-oldrel-macos-arm64 | 0.4.0 | 168.00 | NOTE | |||
r-oldrel-macos-x86_64 | 0.5.0 | 307.00 | NOTE | |||
r-oldrel-windows-x86_64 | 0.4.0 | 134.00 | 410.00 | 544.00 | OK |
Version: 0.4.0
Check: installed package size
Result: NOTE
installed size is 10.9Mb
sub-directories of 1Mb or more:
doc 1.2Mb
libs 8.3Mb
Flavor: r-oldrel-macos-arm64
Version: 0.5.0
Check: installed package size
Result: NOTE
installed size is 10.9Mb
sub-directories of 1Mb or more:
doc 1.2Mb
libs 8.2Mb
Flavor: r-oldrel-macos-x86_64