Last updated on 2025-10-31 13:50:49 CET.
| Flavor | Version | Tinstall | Tcheck | Ttotal | Status | Flags | 
|---|---|---|---|---|---|---|
| r-devel-linux-x86_64-debian-clang | 2.0-6 | 6.84 | 59.76 | 66.60 | NOTE | |
| r-devel-linux-x86_64-debian-gcc | 2.0-6 | 4.65 | 45.91 | 50.56 | NOTE | |
| r-devel-linux-x86_64-fedora-clang | 2.0-6 | 26.00 | 80.36 | 106.36 | OK | |
| r-devel-linux-x86_64-fedora-gcc | 2.0-6 | 19.00 | 78.90 | 97.90 | OK | |
| r-devel-windows-x86_64 | 2.0-6 | 8.00 | 72.00 | 80.00 | OK | |
| r-patched-linux-x86_64 | 2.0-6 | 6.77 | 57.93 | 64.70 | OK | |
| r-release-linux-x86_64 | 2.0-6 | 6.73 | 58.12 | 64.85 | OK | |
| r-release-macos-arm64 | 2.0-6 | 3.00 | 32.00 | 35.00 | OK | |
| r-release-macos-x86_64 | 2.0-6 | 6.00 | 59.00 | 65.00 | OK | |
| r-release-windows-x86_64 | 2.0-6 | 8.00 | 74.00 | 82.00 | OK | |
| r-oldrel-macos-arm64 | 2.0-6 | 3.00 | 29.00 | 32.00 | OK | |
| r-oldrel-macos-x86_64 | 2.0-6 | 5.00 | 40.00 | 45.00 | OK | |
| r-oldrel-windows-x86_64 | 2.0-6 | 12.00 | 85.00 | 97.00 | OK | 
Version: 2.0-6
Check: CRAN incoming feasibility
Result: NOTE
  Maintainer: ‘Rodrigo Aluizio <r.aluizio@gmail.com>’
  
  No Authors@R field in DESCRIPTION.
  Please add one, modifying
    Authors@R: person(given = "Rodrigo",
                      family = "Aluizio",
                      role = c("aut", "cre"),
                      email = "r.aluizio@gmail.com")
  as necessary.
Flavors: r-devel-linux-x86_64-debian-clang, r-devel-linux-x86_64-debian-gcc