Last updated on 2025-10-31 13:50:50 CET.
| Flavor | Version | Tinstall | Tcheck | Ttotal | Status | Flags | 
|---|---|---|---|---|---|---|
| r-devel-linux-x86_64-debian-clang | 1.3-0 | 19.11 | 32.98 | 52.09 | NOTE | |
| r-devel-linux-x86_64-debian-gcc | 1.3-0 | 12.87 | 25.31 | 38.18 | NOTE | |
| r-devel-linux-x86_64-fedora-clang | 1.3-0 | 60.00 | 32.11 | 92.11 | NOTE | |
| r-devel-linux-x86_64-fedora-gcc | 1.3-0 | 150.00 | -62.78 | 87.22 | NOTE | |
| r-devel-windows-x86_64 | 1.3-0 | 22.00 | 69.00 | 91.00 | OK | |
| r-patched-linux-x86_64 | 1.3-0 | 20.53 | 30.99 | 51.52 | OK | |
| r-release-linux-x86_64 | 1.3-0 | 19.88 | 30.99 | 50.87 | OK | |
| r-release-macos-arm64 | 1.3-0 | 8.00 | 21.00 | 29.00 | OK | |
| r-release-macos-x86_64 | 1.3-0 | 9.00 | 33.00 | 42.00 | OK | |
| r-release-windows-x86_64 | 1.3-0 | 23.00 | 72.00 | 95.00 | OK | |
| r-oldrel-macos-arm64 | 1.3-0 | 10.00 | 18.00 | 28.00 | NOTE | |
| r-oldrel-macos-x86_64 | 1.3-0 | 10.00 | 27.00 | 37.00 | NOTE | |
| r-oldrel-windows-x86_64 | 1.3-0 | 20.00 | 82.00 | 102.00 | NOTE | 
Version: 1.3-0
Check: CRAN incoming feasibility
Result: NOTE
  Maintainer: ‘Tobias Kley <tobias.kley@bristol.ac.uk>’
  
  The Description field contains
    <arXiv:1611.04460>.
  Please refer to arXiv e-prints via their arXiv DOI <doi:10.48550/arXiv.YYMM.NNNNN>.
Flavors: r-devel-linux-x86_64-debian-clang, r-devel-linux-x86_64-debian-gcc
Version: 1.3-0
Check: Rd files
Result: NOTE
  checkRd: (-1) forecastSNSTS-package.Rd:16-22: Only 2 columns allowed in this table (row 1 has 1)
Flavors: r-devel-linux-x86_64-debian-clang, r-devel-linux-x86_64-debian-gcc, r-devel-linux-x86_64-fedora-clang, r-devel-linux-x86_64-fedora-gcc
Version: 1.3-0
Check: LazyData
Result: NOTE
    'LazyData' is specified without a 'data' directory
Flavors: r-oldrel-macos-arm64, r-oldrel-macos-x86_64, r-oldrel-windows-x86_64