Last updated on 2025-10-31 13:50:50 CET.
| Flavor | Version | Tinstall | Tcheck | Ttotal | Status | Flags | 
|---|---|---|---|---|---|---|
| r-devel-linux-x86_64-debian-clang | 0.1.0 | 1.56 | 36.83 | 38.39 | NOTE | |
| r-devel-linux-x86_64-debian-gcc | 0.1.0 | 1.52 | 30.82 | 32.34 | NOTE | |
| r-devel-linux-x86_64-fedora-clang | 0.1.0 | 58.37 | NOTE | |||
| r-devel-linux-x86_64-fedora-gcc | 0.1.0 | 77.51 | NOTE | |||
| r-devel-windows-x86_64 | 0.1.0 | 3.00 | 54.00 | 57.00 | NOTE | |
| r-patched-linux-x86_64 | 0.1.0 | 1.87 | 34.46 | 36.33 | NOTE | |
| r-release-linux-x86_64 | 0.1.0 | 1.75 | 34.46 | 36.21 | NOTE | |
| r-release-macos-arm64 | 0.1.0 | 1.00 | 31.00 | 32.00 | NOTE | |
| r-release-macos-x86_64 | 0.1.0 | 2.00 | 55.00 | 57.00 | NOTE | |
| r-release-windows-x86_64 | 0.1.0 | 3.00 | 55.00 | 58.00 | NOTE | |
| r-oldrel-macos-arm64 | 0.1.0 | 1.00 | 45.00 | 46.00 | OK | |
| r-oldrel-macos-x86_64 | 0.1.0 | 3.00 | 95.00 | 98.00 | OK | |
| r-oldrel-windows-x86_64 | 0.1.0 | 3.00 | 66.00 | 69.00 | OK | 
Version: 0.1.0
Check: DESCRIPTION meta-information
Result: NOTE
  Author field differs from that derived from Authors@R
    Author:    ‘Paula Weidemueller [aut, cre, cph] (<https://orcid.org/0000-0003-3867-3131>, @PaulaH_W), Constantin Ahlmann-Eltze [aut] (<https://orcid.org/0000-0002-3762-068X>, @const_ae)’
    Authors@R: ‘Paula Weidemueller [aut, cre, cph] (ORCID: <https://orcid.org/0000-0003-3867-3131>, Twitter: @PaulaH_W), Constantin Ahlmann-Eltze [aut] (ORCID: <https://orcid.org/0000-0002-3762-068X>, Twitter: @const_ae)’
  
    Missing dependency on R >= 4.1.0 because package code uses the pipe
    |> or function shorthand \(...) syntax added in R 4.1.0.
    File(s) using such syntax:
      ‘find_connected_components.R’
Flavors: r-devel-linux-x86_64-debian-clang, r-devel-linux-x86_64-debian-gcc
Version: 0.1.0
Check: DESCRIPTION meta-information
Result: NOTE
    Missing dependency on R >= 4.1.0 because package code uses the pipe
    |> or function shorthand \(...) syntax added in R 4.1.0.
    File(s) using such syntax:
      ‘find_connected_components.R’
Flavors: r-devel-linux-x86_64-fedora-clang, r-devel-linux-x86_64-fedora-gcc, r-devel-windows-x86_64, r-patched-linux-x86_64, r-release-linux-x86_64, r-release-macos-arm64, r-release-macos-x86_64, r-release-windows-x86_64