Last updated on 2025-10-31 13:50:51 CET.
| Flavor | Version | Tinstall | Tcheck | Ttotal | Status | Flags | 
|---|---|---|---|---|---|---|
| r-devel-linux-x86_64-debian-clang | 0.2.0 | 15.17 | 36.14 | 51.31 | NOTE | |
| r-devel-linux-x86_64-debian-gcc | 0.2.0 | 9.40 | 25.73 | 35.13 | NOTE | |
| r-devel-linux-x86_64-fedora-clang | 0.2.0 | 39.00 | 46.33 | 85.33 | OK | |
| r-devel-linux-x86_64-fedora-gcc | 0.2.0 | 32.00 | 44.50 | 76.50 | OK | |
| r-devel-windows-x86_64 | 0.2.0 | 14.00 | 44.00 | 58.00 | OK | |
| r-patched-linux-x86_64 | 0.2.0 | 14.17 | 34.80 | 48.97 | OK | |
| r-release-linux-x86_64 | 0.2.0 | 14.34 | 34.68 | 49.02 | OK | |
| r-release-macos-arm64 | 0.2.0 | 6.00 | 19.00 | 25.00 | OK | |
| r-release-macos-x86_64 | 0.2.0 | 12.00 | 30.00 | 42.00 | OK | |
| r-release-windows-x86_64 | 0.2.0 | 13.00 | 49.00 | 62.00 | OK | |
| r-oldrel-macos-arm64 | 0.2.0 | 6.00 | 16.00 | 22.00 | OK | |
| r-oldrel-macos-x86_64 | 0.2.0 | 10.00 | 24.00 | 34.00 | OK | |
| r-oldrel-windows-x86_64 | 0.2.0 | 14.00 | 45.00 | 59.00 | OK | 
Version: 0.2.0
Check: CRAN incoming feasibility
Result: NOTE
  Maintainer: ‘Hao Chen <hxchen@ucdavis.edu>’
  
  No Authors@R field in DESCRIPTION.
  Please add one, modifying
    Authors@R: c(person(given = "Hao",
                        family = "Chen",
                        role = c("aut", "cre"),
                        email = "hxchen@ucdavis.edu"),
                 person(given = "Lynna",
                        family = "Chu",
                        role = "aut"))
  as necessary.
  
  The Description field contains
    high-dimensional and non-Euclidean data <arXiv:1810.05973>.
  Please refer to arXiv e-prints via their arXiv DOI <doi:10.48550/arXiv.YYMM.NNNNN>.
Flavors: r-devel-linux-x86_64-debian-clang, r-devel-linux-x86_64-debian-gcc