Last updated on 2025-11-14 00:50:46 CET.
| Flavor | Version | Tinstall | Tcheck | Ttotal | Status | Flags |
|---|---|---|---|---|---|---|
| r-devel-linux-x86_64-debian-clang | 6.0-1 | 8.88 | 64.83 | 73.71 | NOTE | |
| r-devel-linux-x86_64-debian-gcc | 6.0-1 | 6.03 | 48.81 | 54.84 | NOTE | |
| r-devel-linux-x86_64-fedora-clang | 6.0-1 | 21.00 | 89.85 | 110.85 | OK | |
| r-devel-linux-x86_64-fedora-gcc | 6.0-1 | 17.00 | 88.07 | 105.07 | OK | |
| r-devel-windows-x86_64 | 6.0-1 | 9.00 | 73.00 | 82.00 | OK | |
| r-patched-linux-x86_64 | 6.0-1 | 8.33 | 62.27 | 70.60 | OK | |
| r-release-linux-x86_64 | 6.0-1 | 7.67 | 62.38 | 70.05 | OK | |
| r-release-macos-arm64 | 6.0-1 | 4.00 | 31.00 | 35.00 | OK | |
| r-release-macos-x86_64 | 6.0-1 | 7.00 | 55.00 | 62.00 | OK | |
| r-release-windows-x86_64 | 6.0-1 | 11.00 | 73.00 | 84.00 | OK | |
| r-oldrel-macos-arm64 | 6.0-1 | 4.00 | 28.00 | 32.00 | OK | |
| r-oldrel-macos-x86_64 | 6.0-1 | 6.00 | 49.00 | 55.00 | OK | |
| r-oldrel-windows-x86_64 | 6.0-1 | 11.00 | 87.00 | 98.00 | OK |
Version: 6.0-1
Check: CRAN incoming feasibility
Result: NOTE
Maintainer: ‘Mikis Stasinopoulos <d.stasinopoulos@gre.ac.uk>’
No Authors@R field in DESCRIPTION.
Please add one, modifying
Authors@R: c(person(given = "Mikis",
family = "Stasinopoulos",
role = c("aut", "cre"),
email = "d.stasinopoulos@gre.ac.uk"),
person(given = "Bob",
family = "Rigby",
role = "aut",
email = "r.rigby@gre.ac.uk"))
as necessary.
Flavors: r-devel-linux-x86_64-debian-clang, r-devel-linux-x86_64-debian-gcc