Last updated on 2025-10-31 13:50:50 CET.
| Flavor | Version | Tinstall | Tcheck | Ttotal | Status | Flags | 
|---|---|---|---|---|---|---|
| r-devel-linux-x86_64-debian-clang | 0.1.0.4 | 178.74 | 60.18 | 238.92 | WARN | |
| r-devel-linux-x86_64-debian-gcc | 0.1.0.4 | 122.67 | 43.27 | 165.94 | WARN | |
| r-devel-linux-x86_64-fedora-clang | 0.1.0.4 | 361.00 | 121.26 | 482.26 | NOTE | |
| r-devel-linux-x86_64-fedora-gcc | 0.1.0.4 | 311.00 | 132.59 | 443.59 | NOTE | |
| r-devel-windows-x86_64 | 0.1.0.4 | 216.00 | 106.00 | 322.00 | NOTE | |
| r-patched-linux-x86_64 | 0.1.0.4 | 190.32 | 55.84 | 246.16 | NOTE | |
| r-release-linux-x86_64 | 0.1.0.4 | 183.85 | 55.76 | 239.61 | NOTE | |
| r-release-macos-arm64 | 0.1.0.4 | 70.00 | 44.00 | 114.00 | NOTE | |
| r-release-macos-x86_64 | 0.1.0.4 | 66.00 | 64.00 | 130.00 | NOTE | |
| r-release-windows-x86_64 | 0.1.0.4 | 217.00 | 102.00 | 319.00 | NOTE | |
| r-oldrel-macos-arm64 | 0.1.0.4 | 59.00 | 28.00 | 87.00 | NOTE | |
| r-oldrel-macos-x86_64 | 0.1.0.4 | 60.00 | 49.00 | 109.00 | NOTE | |
| r-oldrel-windows-x86_64 | 0.1.0.4 | 256.00 | 133.00 | 389.00 | NOTE | 
Version: 0.1.0.4
Check: CRAN incoming feasibility
Result: NOTE
  Maintainer: ‘Guang Yang <gyang274@gmail.com>’
  
  No Authors@R field in DESCRIPTION.
  Please add one, modifying
    Authors@R: person(given = "Guang",
                      family = "Yang",
                      role = c("aut", "cre"),
                      email = "gyang274@gmail.com")
  as necessary.
Flavors: r-devel-linux-x86_64-debian-clang, r-devel-linux-x86_64-debian-gcc
Version: 0.1.0.4
Check: whether package can be installed
Result: WARN
  Found the following significant warnings:
    /home/hornik/tmp/R.check/r-devel-clang/Work/build/Packages/RcppArmadillo/include/RcppArmadillo/version/arma.h:66:17: warning: Using fallback compilation with Armadillo 14.6.3. Please consider defining -DARMA_USE_CURRENT and also removing C++11 compilation directive. See GitHub issue #475 for more. [-W#pragma-messages]
  See ‘/home/hornik/tmp/R.check/r-devel-clang/Work/PKGS/gbp.Rcheck/00install.out’ for details.
  * used C++ compiler: ‘Debian clang version 19.1.7 (7)’
Flavor: r-devel-linux-x86_64-debian-clang
Version: 0.1.0.4
Check: C++ specification
Result: NOTE
    Specified C++11: please drop specification unless essential
Flavors: r-devel-linux-x86_64-debian-clang, r-devel-linux-x86_64-debian-gcc, r-devel-linux-x86_64-fedora-clang, r-devel-linux-x86_64-fedora-gcc, r-devel-windows-x86_64, r-patched-linux-x86_64, r-release-linux-x86_64, r-release-macos-arm64, r-release-macos-x86_64, r-release-windows-x86_64, r-oldrel-macos-arm64, r-oldrel-macos-x86_64, r-oldrel-windows-x86_64
Version: 0.1.0.4
Check: Rd files
Result: NOTE
  checkRd: (-1) gbp1d.Rd:20: Lost braces; missing escapes or markup?
      20 |     maximize sum_{j=1}^{n} p_{j} x_{j}
         |                  ^
  checkRd: (-1) gbp1d.Rd:20: Lost braces; missing escapes or markup?
      20 |     maximize sum_{j=1}^{n} p_{j} x_{j}
         |                        ^
  checkRd: (-1) gbp1d.Rd:20: Lost braces; missing escapes or markup?
      20 |     maximize sum_{j=1}^{n} p_{j} x_{j}
         |                              ^
  checkRd: (-1) gbp1d.Rd:20: Lost braces; missing escapes or markup?
      20 |     maximize sum_{j=1}^{n} p_{j} x_{j}
         |                                    ^
  checkRd: (-1) gbp1d.Rd:22: Lost braces; missing escapes or markup?
      22 |   subject to sum_{j=1}^{n} w_{j} x_{j} leq c
         |                  ^
  checkRd: (-1) gbp1d.Rd:22: Lost braces; missing escapes or markup?
      22 |   subject to sum_{j=1}^{n} w_{j} x_{j} leq c
         |                        ^
  checkRd: (-1) gbp1d.Rd:22: Lost braces; missing escapes or markup?
      22 |   subject to sum_{j=1}^{n} w_{j} x_{j} leq c
         |                              ^
  checkRd: (-1) gbp1d.Rd:22: Lost braces; missing escapes or markup?
      22 |   subject to sum_{j=1}^{n} w_{j} x_{j} leq c
         |                                    ^
  checkRd: (-1) gbp1d.Rd:23: Lost braces; missing escapes or markup?
      23 |              x_{j} in {0, 1}, j = 1, ...., n
         |                ^
  checkRd: (-1) gbp1d.Rd:23: Lost braces; missing escapes or markup?
      23 |              x_{j} in {0, 1}, j = 1, ...., n
         |                       ^
  checkRd: (-1) gbp1d_solver_dpp.Rd:30: Lost braces; missing escapes or markup?
      30 |     maximize sum_{j=1}^{n} p_{j} x_{j}
         |                  ^
  checkRd: (-1) gbp1d_solver_dpp.Rd:30: Lost braces; missing escapes or markup?
      30 |     maximize sum_{j=1}^{n} p_{j} x_{j}
         |                        ^
  checkRd: (-1) gbp1d_solver_dpp.Rd:30: Lost braces; missing escapes or markup?
      30 |     maximize sum_{j=1}^{n} p_{j} x_{j}
         |                              ^
  checkRd: (-1) gbp1d_solver_dpp.Rd:30: Lost braces; missing escapes or markup?
      30 |     maximize sum_{j=1}^{n} p_{j} x_{j}
         |                                    ^
  checkRd: (-1) gbp1d_solver_dpp.Rd:32: Lost braces; missing escapes or markup?
      32 |   subject to sum_{j=1}^{n} w_{j} x_{j} leq c
         |                  ^
  checkRd: (-1) gbp1d_solver_dpp.Rd:32: Lost braces; missing escapes or markup?
      32 |   subject to sum_{j=1}^{n} w_{j} x_{j} leq c
         |                        ^
  checkRd: (-1) gbp1d_solver_dpp.Rd:32: Lost braces; missing escapes or markup?
      32 |   subject to sum_{j=1}^{n} w_{j} x_{j} leq c
         |                              ^
  checkRd: (-1) gbp1d_solver_dpp.Rd:32: Lost braces; missing escapes or markup?
      32 |   subject to sum_{j=1}^{n} w_{j} x_{j} leq c
         |                                    ^
  checkRd: (-1) gbp1d_solver_dpp.Rd:33: Lost braces; missing escapes or markup?
      33 |              x_{j} in {0, 1}, j = 1, ...., n
         |                ^
  checkRd: (-1) gbp1d_solver_dpp.Rd:33: Lost braces; missing escapes or markup?
      33 |              x_{j} in {0, 1}, j = 1, ...., n
         |                       ^
  checkRd: (-1) gbp2d.Rd:23: Lost braces; missing escapes or markup?
      23 |    maximize   sum_{j=1}^{n} p_{j} k_{j}
         |                   ^
  checkRd: (-1) gbp2d.Rd:23: Lost braces; missing escapes or markup?
      23 |    maximize   sum_{j=1}^{n} p_{j} k_{j}
         |                         ^
  checkRd: (-1) gbp2d.Rd:23: Lost braces; missing escapes or markup?
      23 |    maximize   sum_{j=1}^{n} p_{j} k_{j}
         |                               ^
  checkRd: (-1) gbp2d.Rd:23: Lost braces; missing escapes or markup?
      23 |    maximize   sum_{j=1}^{n} p_{j} k_{j}
         |                                     ^
  checkRd: (-1) gbp2d.Rd:25: Lost braces; missing escapes or markup?
      25 |    subject to fit (l_{j}, d_{j}) at coordinate (x_{j}, y_{j})
         |                      ^
  checkRd: (-1) gbp2d.Rd:25: Lost braces; missing escapes or markup?
      25 |    subject to fit (l_{j}, d_{j}) at coordinate (x_{j}, y_{j})
         |                             ^
  checkRd: (-1) gbp2d.Rd:25: Lost braces; missing escapes or markup?
      25 |    subject to fit (l_{j}, d_{j}) at coordinate (x_{j}, y_{j})
         |                                                   ^
  checkRd: (-1) gbp2d.Rd:25: Lost braces; missing escapes or markup?
      25 |    subject to fit (l_{j}, d_{j}) at coordinate (x_{j}, y_{j})
         |                                                          ^
  checkRd: (-1) gbp2d_solver_dpp.Rd:34: Lost braces; missing escapes or markup?
      34 |    maximize   sum_{j=1}^{n} p_{j} k_{j}
         |                   ^
  checkRd: (-1) gbp2d_solver_dpp.Rd:34: Lost braces; missing escapes or markup?
      34 |    maximize   sum_{j=1}^{n} p_{j} k_{j}
         |                         ^
  checkRd: (-1) gbp2d_solver_dpp.Rd:34: Lost braces; missing escapes or markup?
      34 |    maximize   sum_{j=1}^{n} p_{j} k_{j}
         |                               ^
  checkRd: (-1) gbp2d_solver_dpp.Rd:34: Lost braces; missing escapes or markup?
      34 |    maximize   sum_{j=1}^{n} p_{j} k_{j}
         |                                     ^
  checkRd: (-1) gbp2d_solver_dpp.Rd:36: Lost braces; missing escapes or markup?
      36 |    subject to fit (l_{j}, d_{j}) at coordinate (x_{j}, y_{j})
         |                      ^
  checkRd: (-1) gbp2d_solver_dpp.Rd:36: Lost braces; missing escapes or markup?
      36 |    subject to fit (l_{j}, d_{j}) at coordinate (x_{j}, y_{j})
         |                             ^
  checkRd: (-1) gbp2d_solver_dpp.Rd:36: Lost braces; missing escapes or markup?
      36 |    subject to fit (l_{j}, d_{j}) at coordinate (x_{j}, y_{j})
         |                                                   ^
  checkRd: (-1) gbp2d_solver_dpp.Rd:36: Lost braces; missing escapes or markup?
      36 |    subject to fit (l_{j}, d_{j}) at coordinate (x_{j}, y_{j})
         |                                                          ^
  checkRd: (-1) gbp2q.Rd:23: Lost braces; missing escapes or markup?
      23 |    maximize   sum_{j=1}^{n} p_{j} k_{j}
         |                   ^
  checkRd: (-1) gbp2q.Rd:23: Lost braces; missing escapes or markup?
      23 |    maximize   sum_{j=1}^{n} p_{j} k_{j}
         |                         ^
  checkRd: (-1) gbp2q.Rd:23: Lost braces; missing escapes or markup?
      23 |    maximize   sum_{j=1}^{n} p_{j} k_{j}
         |                               ^
  checkRd: (-1) gbp2q.Rd:23: Lost braces; missing escapes or markup?
      23 |    maximize   sum_{j=1}^{n} p_{j} k_{j}
         |                                     ^
  checkRd: (-1) gbp2q.Rd:25: Lost braces; missing escapes or markup?
      25 |    subject to fit (l_{j}, d_{j}) at coordinate (x_{j}, y_{j})
         |                      ^
  checkRd: (-1) gbp2q.Rd:25: Lost braces; missing escapes or markup?
      25 |    subject to fit (l_{j}, d_{j}) at coordinate (x_{j}, y_{j})
         |                             ^
  checkRd: (-1) gbp2q.Rd:25: Lost braces; missing escapes or markup?
      25 |    subject to fit (l_{j}, d_{j}) at coordinate (x_{j}, y_{j})
         |                                                   ^
  checkRd: (-1) gbp2q.Rd:25: Lost braces; missing escapes or markup?
      25 |    subject to fit (l_{j}, d_{j}) at coordinate (x_{j}, y_{j})
         |                                                          ^
  checkRd: (-1) gbp3d.Rd:23: Lost braces; missing escapes or markup?
      23 |    maximize   sum_{j=1}^{n} p_{j} k_{j}
         |                   ^
  checkRd: (-1) gbp3d.Rd:23: Lost braces; missing escapes or markup?
      23 |    maximize   sum_{j=1}^{n} p_{j} k_{j}
         |                         ^
  checkRd: (-1) gbp3d.Rd:23: Lost braces; missing escapes or markup?
      23 |    maximize   sum_{j=1}^{n} p_{j} k_{j}
         |                               ^
  checkRd: (-1) gbp3d.Rd:23: Lost braces; missing escapes or markup?
      23 |    maximize   sum_{j=1}^{n} p_{j} k_{j}
         |                                     ^
  checkRd: (-1) gbp3d.Rd:25: Lost braces; missing escapes or markup?
      25 |    subject to fit (l_{j}, d_{j}, h_{j}) at coordinate (x_{j}, y_{j}, z_{j})
         |                      ^
  checkRd: (-1) gbp3d.Rd:25: Lost braces; missing escapes or markup?
      25 |    subject to fit (l_{j}, d_{j}, h_{j}) at coordinate (x_{j}, y_{j}, z_{j})
         |                             ^
  checkRd: (-1) gbp3d.Rd:25: Lost braces; missing escapes or markup?
      25 |    subject to fit (l_{j}, d_{j}, h_{j}) at coordinate (x_{j}, y_{j}, z_{j})
         |                                    ^
  checkRd: (-1) gbp3d.Rd:25: Lost braces; missing escapes or markup?
      25 |    subject to fit (l_{j}, d_{j}, h_{j}) at coordinate (x_{j}, y_{j}, z_{j})
         |                                                          ^
  checkRd: (-1) gbp3d.Rd:25: Lost braces; missing escapes or markup?
      25 |    subject to fit (l_{j}, d_{j}, h_{j}) at coordinate (x_{j}, y_{j}, z_{j})
         |                                                                 ^
  checkRd: (-1) gbp3d.Rd:25: Lost braces; missing escapes or markup?
      25 |    subject to fit (l_{j}, d_{j}, h_{j}) at coordinate (x_{j}, y_{j}, z_{j})
         |                                                                        ^
  checkRd: (-1) gbp3d.Rd:55: Lost braces; missing escapes or markup?
      55 |   and solver would often maximize sum_{j=1}^{n} v_{j} k_{j} instead of sum_{j=1}^{n} p_{j} k_{j}
         |                                       ^
  checkRd: (-1) gbp3d.Rd:55: Lost braces; missing escapes or markup?
      55 |   and solver would often maximize sum_{j=1}^{n} v_{j} k_{j} instead of sum_{j=1}^{n} p_{j} k_{j}
         |                                             ^
  checkRd: (-1) gbp3d.Rd:55: Lost braces; missing escapes or markup?
      55 |   and solver would often maximize sum_{j=1}^{n} v_{j} k_{j} instead of sum_{j=1}^{n} p_{j} k_{j}
         |                                                   ^
  checkRd: (-1) gbp3d.Rd:55: Lost braces; missing escapes or markup?
      55 |   and solver would often maximize sum_{j=1}^{n} v_{j} k_{j} instead of sum_{j=1}^{n} p_{j} k_{j}
         |                                                         ^
  checkRd: (-1) gbp3d.Rd:55: Lost braces; missing escapes or markup?
      55 |   and solver would often maximize sum_{j=1}^{n} v_{j} k_{j} instead of sum_{j=1}^{n} p_{j} k_{j}
         |                                                                            ^
  checkRd: (-1) gbp3d.Rd:55: Lost braces; missing escapes or markup?
      55 |   and solver would often maximize sum_{j=1}^{n} v_{j} k_{j} instead of sum_{j=1}^{n} p_{j} k_{j}
         |                                                                                  ^
  checkRd: (-1) gbp3d.Rd:55: Lost braces; missing escapes or markup?
      55 |   and solver would often maximize sum_{j=1}^{n} v_{j} k_{j} instead of sum_{j=1}^{n} p_{j} k_{j}
         |                                                                                        ^
  checkRd: (-1) gbp3d.Rd:55: Lost braces; missing escapes or markup?
      55 |   and solver would often maximize sum_{j=1}^{n} v_{j} k_{j} instead of sum_{j=1}^{n} p_{j} k_{j}
         |                                                                                              ^
  checkRd: (-1) gbp3d_solver_dpp.Rd:34: Lost braces; missing escapes or markup?
      34 |    maximize   sum_{j=1}^{n} p_{j} k_{j}
         |                   ^
  checkRd: (-1) gbp3d_solver_dpp.Rd:34: Lost braces; missing escapes or markup?
      34 |    maximize   sum_{j=1}^{n} p_{j} k_{j}
         |                         ^
  checkRd: (-1) gbp3d_solver_dpp.Rd:34: Lost braces; missing escapes or markup?
      34 |    maximize   sum_{j=1}^{n} p_{j} k_{j}
         |                               ^
  checkRd: (-1) gbp3d_solver_dpp.Rd:34: Lost braces; missing escapes or markup?
      34 |    maximize   sum_{j=1}^{n} p_{j} k_{j}
         |                                     ^
  checkRd: (-1) gbp3d_solver_dpp.Rd:36: Lost braces; missing escapes or markup?
      36 |    subject to fit (l_{j}, d_{j}, h_{j}) at coordinate (x_{j}, y_{j}, z_{j})
         |                      ^
  checkRd: (-1) gbp3d_solver_dpp.Rd:36: Lost braces; missing escapes or markup?
      36 |    subject to fit (l_{j}, d_{j}, h_{j}) at coordinate (x_{j}, y_{j}, z_{j})
         |                             ^
  checkRd: (-1) gbp3d_solver_dpp.Rd:36: Lost braces; missing escapes or markup?
      36 |    subject to fit (l_{j}, d_{j}, h_{j}) at coordinate (x_{j}, y_{j}, z_{j})
         |                                    ^
  checkRd: (-1) gbp3d_solver_dpp.Rd:36: Lost braces; missing escapes or markup?
      36 |    subject to fit (l_{j}, d_{j}, h_{j}) at coordinate (x_{j}, y_{j}, z_{j})
         |                                                          ^
  checkRd: (-1) gbp3d_solver_dpp.Rd:36: Lost braces; missing escapes or markup?
      36 |    subject to fit (l_{j}, d_{j}, h_{j}) at coordinate (x_{j}, y_{j}, z_{j})
         |                                                                 ^
  checkRd: (-1) gbp3d_solver_dpp.Rd:36: Lost braces; missing escapes or markup?
      36 |    subject to fit (l_{j}, d_{j}, h_{j}) at coordinate (x_{j}, y_{j}, z_{j})
         |                                                                        ^
  checkRd: (-1) gbp3q.Rd:23: Lost braces; missing escapes or markup?
      23 |    maximize   sum_{j=1}^{n} p_{j} k_{j}
         |                   ^
  checkRd: (-1) gbp3q.Rd:23: Lost braces; missing escapes or markup?
      23 |    maximize   sum_{j=1}^{n} p_{j} k_{j}
         |                         ^
  checkRd: (-1) gbp3q.Rd:23: Lost braces; missing escapes or markup?
      23 |    maximize   sum_{j=1}^{n} p_{j} k_{j}
         |                               ^
  checkRd: (-1) gbp3q.Rd:23: Lost braces; missing escapes or markup?
      23 |    maximize   sum_{j=1}^{n} p_{j} k_{j}
         |                                     ^
  checkRd: (-1) gbp3q.Rd:25: Lost braces; missing escapes or markup?
      25 |    subject to fit (l_{j}, d_{j}, h_{j}) at coordinate (x_{j}, y_{j}, z_{j})
         |                      ^
  checkRd: (-1) gbp3q.Rd:25: Lost braces; missing escapes or markup?
      25 |    subject to fit (l_{j}, d_{j}, h_{j}) at coordinate (x_{j}, y_{j}, z_{j})
         |                             ^
  checkRd: (-1) gbp3q.Rd:25: Lost braces; missing escapes or markup?
      25 |    subject to fit (l_{j}, d_{j}, h_{j}) at coordinate (x_{j}, y_{j}, z_{j})
         |                                    ^
  checkRd: (-1) gbp3q.Rd:25: Lost braces; missing escapes or markup?
      25 |    subject to fit (l_{j}, d_{j}, h_{j}) at coordinate (x_{j}, y_{j}, z_{j})
         |                                                          ^
  checkRd: (-1) gbp3q.Rd:25: Lost braces; missing escapes or markup?
      25 |    subject to fit (l_{j}, d_{j}, h_{j}) at coordinate (x_{j}, y_{j}, z_{j})
         |                                                                 ^
  checkRd: (-1) gbp3q.Rd:25: Lost braces; missing escapes or markup?
      25 |    subject to fit (l_{j}, d_{j}, h_{j}) at coordinate (x_{j}, y_{j}, z_{j})
         |                                                                        ^
  checkRd: (-1) gbp4d.Rd:23: Lost braces; missing escapes or markup?
      23 |    maximize   sum_{j=1}^{n} p_{j} k_{j}
         |                   ^
  checkRd: (-1) gbp4d.Rd:23: Lost braces; missing escapes or markup?
      23 |    maximize   sum_{j=1}^{n} p_{j} k_{j}
         |                         ^
  checkRd: (-1) gbp4d.Rd:23: Lost braces; missing escapes or markup?
      23 |    maximize   sum_{j=1}^{n} p_{j} k_{j}
         |                               ^
  checkRd: (-1) gbp4d.Rd:23: Lost braces; missing escapes or markup?
      23 |    maximize   sum_{j=1}^{n} p_{j} k_{j}
         |                                     ^
  checkRd: (-1) gbp4d.Rd:25: Lost braces; missing escapes or markup?
      25 |    subject to sum_{j=1}^{n} w_{j} k_{j} leq mw and
         |                   ^
  checkRd: (-1) gbp4d.Rd:25: Lost braces; missing escapes or markup?
      25 |    subject to sum_{j=1}^{n} w_{j} k_{j} leq mw and
         |                         ^
  checkRd: (-1) gbp4d.Rd:25: Lost braces; missing escapes or markup?
      25 |    subject to sum_{j=1}^{n} w_{j} k_{j} leq mw and
         |                               ^
  checkRd: (-1) gbp4d.Rd:25: Lost braces; missing escapes or markup?
      25 |    subject to sum_{j=1}^{n} w_{j} k_{j} leq mw and
         |                                     ^
  checkRd: (-1) gbp4d.Rd:27: Lost braces; missing escapes or markup?
      27 |               fit (l_{j}, d_{j}, h_{j}) at coordinate (x_{j}, y_{j}, z_{j})
         |                      ^
  checkRd: (-1) gbp4d.Rd:27: Lost braces; missing escapes or markup?
      27 |               fit (l_{j}, d_{j}, h_{j}) at coordinate (x_{j}, y_{j}, z_{j})
         |                             ^
  checkRd: (-1) gbp4d.Rd:27: Lost braces; missing escapes or markup?
      27 |               fit (l_{j}, d_{j}, h_{j}) at coordinate (x_{j}, y_{j}, z_{j})
         |                                    ^
  checkRd: (-1) gbp4d.Rd:27: Lost braces; missing escapes or markup?
      27 |               fit (l_{j}, d_{j}, h_{j}) at coordinate (x_{j}, y_{j}, z_{j})
         |                                                          ^
  checkRd: (-1) gbp4d.Rd:27: Lost braces; missing escapes or markup?
      27 |               fit (l_{j}, d_{j}, h_{j}) at coordinate (x_{j}, y_{j}, z_{j})
         |                                                                 ^
  checkRd: (-1) gbp4d.Rd:27: Lost braces; missing escapes or markup?
      27 |               fit (l_{j}, d_{j}, h_{j}) at coordinate (x_{j}, y_{j}, z_{j})
         |                                                                        ^
  checkRd: (-1) gbp4d.Rd:57: Lost braces; missing escapes or markup?
      57 |   and solver would often maximize sum_{j=1}^{n} v_{j} k_{j} instead of sum_{j=1}^{n} p_{j} k_{j}
         |                                       ^
  checkRd: (-1) gbp4d.Rd:57: Lost braces; missing escapes or markup?
      57 |   and solver would often maximize sum_{j=1}^{n} v_{j} k_{j} instead of sum_{j=1}^{n} p_{j} k_{j}
         |                                             ^
  checkRd: (-1) gbp4d.Rd:57: Lost braces; missing escapes or markup?
      57 |   and solver would often maximize sum_{j=1}^{n} v_{j} k_{j} instead of sum_{j=1}^{n} p_{j} k_{j}
         |                                                   ^
  checkRd: (-1) gbp4d.Rd:57: Lost braces; missing escapes or markup?
      57 |   and solver would often maximize sum_{j=1}^{n} v_{j} k_{j} instead of sum_{j=1}^{n} p_{j} k_{j}
         |                                                         ^
  checkRd: (-1) gbp4d.Rd:57: Lost braces; missing escapes or markup?
      57 |   and solver would often maximize sum_{j=1}^{n} v_{j} k_{j} instead of sum_{j=1}^{n} p_{j} k_{j}
         |                                                                            ^
  checkRd: (-1) gbp4d.Rd:57: Lost braces; missing escapes or markup?
      57 |   and solver would often maximize sum_{j=1}^{n} v_{j} k_{j} instead of sum_{j=1}^{n} p_{j} k_{j}
         |                                                                                  ^
  checkRd: (-1) gbp4d.Rd:57: Lost braces; missing escapes or markup?
      57 |   and solver would often maximize sum_{j=1}^{n} v_{j} k_{j} instead of sum_{j=1}^{n} p_{j} k_{j}
         |                                                                                        ^
  checkRd: (-1) gbp4d.Rd:57: Lost braces; missing escapes or markup?
      57 |   and solver would often maximize sum_{j=1}^{n} v_{j} k_{j} instead of sum_{j=1}^{n} p_{j} k_{j}
         |                                                                                              ^
  checkRd: (-1) gbp4d_solver_dpp.Rd:34: Lost braces; missing escapes or markup?
      34 |    maximize   sum_{j=1}^{n} p_{j} k_{j}
         |                   ^
  checkRd: (-1) gbp4d_solver_dpp.Rd:34: Lost braces; missing escapes or markup?
      34 |    maximize   sum_{j=1}^{n} p_{j} k_{j}
         |                         ^
  checkRd: (-1) gbp4d_solver_dpp.Rd:34: Lost braces; missing escapes or markup?
      34 |    maximize   sum_{j=1}^{n} p_{j} k_{j}
         |                               ^
  checkRd: (-1) gbp4d_solver_dpp.Rd:34: Lost braces; missing escapes or markup?
      34 |    maximize   sum_{j=1}^{n} p_{j} k_{j}
         |                                     ^
  checkRd: (-1) gbp4d_solver_dpp.Rd:36: Lost braces; missing escapes or markup?
      36 |    subject to sum_{j=1}^{n} w_{j} k_{j} leq mw and
         |                   ^
  checkRd: (-1) gbp4d_solver_dpp.Rd:36: Lost braces; missing escapes or markup?
      36 |    subject to sum_{j=1}^{n} w_{j} k_{j} leq mw and
         |                         ^
  checkRd: (-1) gbp4d_solver_dpp.Rd:36: Lost braces; missing escapes or markup?
      36 |    subject to sum_{j=1}^{n} w_{j} k_{j} leq mw and
         |                               ^
  checkRd: (-1) gbp4d_solver_dpp.Rd:36: Lost braces; missing escapes or markup?
      36 |    subject to sum_{j=1}^{n} w_{j} k_{j} leq mw and
         |                                     ^
  checkRd: (-1) gbp4d_solver_dpp.Rd:38: Lost braces; missing escapes or markup?
      38 |               fit (l_{j}, d_{j}, h_{j}) at coordinate (x_{j}, y_{j}, z_{j})
         |                      ^
  checkRd: (-1) gbp4d_solver_dpp.Rd:38: Lost braces; missing escapes or markup?
      38 |               fit (l_{j}, d_{j}, h_{j}) at coordinate (x_{j}, y_{j}, z_{j})
         |                             ^
  checkRd: (-1) gbp4d_solver_dpp.Rd:38: Lost braces; missing escapes or markup?
      38 |               fit (l_{j}, d_{j}, h_{j}) at coordinate (x_{j}, y_{j}, z_{j})
         |                                    ^
  checkRd: (-1) gbp4d_solver_dpp.Rd:38: Lost braces; missing escapes or markup?
      38 |               fit (l_{j}, d_{j}, h_{j}) at coordinate (x_{j}, y_{j}, z_{j})
         |                                                          ^
  checkRd: (-1) gbp4d_solver_dpp.Rd:38: Lost braces; missing escapes or markup?
      38 |               fit (l_{j}, d_{j}, h_{j}) at coordinate (x_{j}, y_{j}, z_{j})
         |                                                                 ^
  checkRd: (-1) gbp4d_solver_dpp.Rd:38: Lost braces; missing escapes or markup?
      38 |               fit (l_{j}, d_{j}, h_{j}) at coordinate (x_{j}, y_{j}, z_{j})
         |                                                                        ^
  checkRd: (-1) gbp4q.Rd:23: Lost braces; missing escapes or markup?
      23 |    maximize   sum_{j=1}^{n} p_{j} k_{j}
         |                   ^
  checkRd: (-1) gbp4q.Rd:23: Lost braces; missing escapes or markup?
      23 |    maximize   sum_{j=1}^{n} p_{j} k_{j}
         |                         ^
  checkRd: (-1) gbp4q.Rd:23: Lost braces; missing escapes or markup?
      23 |    maximize   sum_{j=1}^{n} p_{j} k_{j}
         |                               ^
  checkRd: (-1) gbp4q.Rd:23: Lost braces; missing escapes or markup?
      23 |    maximize   sum_{j=1}^{n} p_{j} k_{j}
         |                                     ^
  checkRd: (-1) gbp4q.Rd:25: Lost braces; missing escapes or markup?
      25 |    subject to sum_{j=1}^{n} w_{j} k_{j} leq mw and
         |                   ^
  checkRd: (-1) gbp4q.Rd:25: Lost braces; missing escapes or markup?
      25 |    subject to sum_{j=1}^{n} w_{j} k_{j} leq mw and
         |                         ^
  checkRd: (-1) gbp4q.Rd:25: Lost braces; missing escapes or markup?
      25 |    subject to sum_{j=1}^{n} w_{j} k_{j} leq mw and
         |                               ^
  checkRd: (-1) gbp4q.Rd:25: Lost braces; missing escapes or markup?
      25 |    subject to sum_{j=1}^{n} w_{j} k_{j} leq mw and
         |                                     ^
  checkRd: (-1) gbp4q.Rd:27: Lost braces; missing escapes or markup?
      27 |               fit (l_{j}, d_{j}, h_{j}) at coordinate (x_{j}, y_{j}, z_{j})
         |                      ^
  checkRd: (-1) gbp4q.Rd:27: Lost braces; missing escapes or markup?
      27 |               fit (l_{j}, d_{j}, h_{j}) at coordinate (x_{j}, y_{j}, z_{j})
         |                             ^
  checkRd: (-1) gbp4q.Rd:27: Lost braces; missing escapes or markup?
      27 |               fit (l_{j}, d_{j}, h_{j}) at coordinate (x_{j}, y_{j}, z_{j})
         |                                    ^
  checkRd: (-1) gbp4q.Rd:27: Lost braces; missing escapes or markup?
      27 |               fit (l_{j}, d_{j}, h_{j}) at coordinate (x_{j}, y_{j}, z_{j})
         |                                                          ^
  checkRd: (-1) gbp4q.Rd:27: Lost braces; missing escapes or markup?
      27 |               fit (l_{j}, d_{j}, h_{j}) at coordinate (x_{j}, y_{j}, z_{j})
         |                                                                 ^
  checkRd: (-1) gbp4q.Rd:27: Lost braces; missing escapes or markup?
      27 |               fit (l_{j}, d_{j}, h_{j}) at coordinate (x_{j}, y_{j}, z_{j})
         |                                                                        ^
Flavors: r-devel-linux-x86_64-debian-clang, r-devel-linux-x86_64-debian-gcc, r-devel-linux-x86_64-fedora-clang, r-devel-linux-x86_64-fedora-gcc, r-devel-windows-x86_64, r-patched-linux-x86_64, r-release-linux-x86_64, r-release-macos-arm64, r-release-macos-x86_64, r-release-windows-x86_64, r-oldrel-macos-arm64, r-oldrel-macos-x86_64, r-oldrel-windows-x86_64
Version: 0.1.0.4
Check: whether package can be installed
Result: WARN
  Found the following significant warnings:
    /home/hornik/tmp/R.check/r-devel-gcc/Work/build/Packages/RcppArmadillo/include/RcppArmadillo/version/arma.h:66:199: note: ‘#pragma message: Using fallback compilation with Armadillo 14.6.3. Please consider defining -DARMA_USE_CURRENT and also removing C++11 compilation directive. See GitHub issue #475 for more.’
  See ‘/home/hornik/tmp/R.check/r-devel-gcc/Work/PKGS/gbp.Rcheck/00install.out’ for details.
  * used C++ compiler: ‘g++-15 (Debian 15.2.0-4) 15.2.0’
Flavor: r-devel-linux-x86_64-debian-gcc
Version: 0.1.0.4
Check: compiled code
Result: NOTE
  File ‘gbp/libs/gbp.so’:
    Found no calls to: ‘R_registerRoutines’, ‘R_useDynamicSymbols’
  
  It is good practice to register native routines and to disable symbol
  search.
  
  See ‘Writing portable packages’ in the ‘Writing R Extensions’ manual.
Flavors: r-devel-linux-x86_64-fedora-clang, r-devel-linux-x86_64-fedora-gcc
Version: 0.1.0.4
Check: installed package size
Result: NOTE
    installed size is 16.8Mb
    sub-directories of 1Mb or more:
      doc    1.1Mb
      libs  15.5Mb
Flavors: r-oldrel-macos-arm64, r-oldrel-macos-x86_64
Version: 0.1.0.4
Check: LazyData
Result: NOTE
    'LazyData' is specified without a 'data' directory
Flavors: r-oldrel-macos-arm64, r-oldrel-macos-x86_64, r-oldrel-windows-x86_64
Version: 0.1.0.4
Check: for GNU extensions in Makefiles
Result: NOTE
  GNU make is a SystemRequirements.
Flavors: r-oldrel-macos-arm64, r-oldrel-macos-x86_64, r-oldrel-windows-x86_64