Last updated on 2024-05-28 12:56:16 CEST.
Flavor | Version | Tinstall | Tcheck | Ttotal | Status | Flags |
---|---|---|---|---|---|---|
r-devel-linux-x86_64-debian-clang | 1.0.0 | 3.67 | 69.50 | 73.17 | NOTE | |
r-devel-linux-x86_64-debian-gcc | 1.0.0 | 2.87 | 51.33 | 54.20 | NOTE | |
r-devel-linux-x86_64-fedora-clang | 1.0.0 | 92.84 | NOTE | |||
r-devel-linux-x86_64-fedora-gcc | 1.0.0 | 84.82 | NOTE | |||
r-devel-windows-x86_64 | 1.0.0 | 4.00 | 66.00 | 70.00 | NOTE | |
r-patched-linux-x86_64 | 1.0.0 | 3.49 | 65.17 | 68.66 | NOTE | |
r-release-linux-x86_64 | 1.0.0 | 2.79 | 64.34 | 67.13 | NOTE | |
r-release-macos-arm64 | 1.0.0 | 27.00 | NOTE | |||
r-release-windows-x86_64 | 1.0.0 | 5.00 | 68.00 | 73.00 | NOTE | |
r-oldrel-macos-arm64 | 1.0.0 | 32.00 | OK | |||
r-oldrel-macos-x86_64 | 1.0.0 | 80.00 | OK | |||
r-oldrel-windows-x86_64 | 1.0.0 | 5.00 | 79.00 | 84.00 | OK |
Version: 1.0.0
Check: Rd files
Result: NOTE
checkRd: (-1) GCTF.Rd:56: Lost braces; missing escapes or markup?
56 | U : A matrix which has N-rows and J-columns (J < {N, M}).
| ^
checkRd: (-1) GCTF.Rd:57: Lost braces; missing escapes or markup?
57 | V : A matrix which has M-rows and J-columns (J < {N, M}).
| ^
checkRd: (-1) GCTF.Rd:58: Lost braces; missing escapes or markup?
58 | J : The number of dimension (J < {N, M}).
| ^
Flavors: r-devel-linux-x86_64-debian-clang, r-devel-linux-x86_64-debian-gcc, r-devel-linux-x86_64-fedora-clang, r-devel-linux-x86_64-fedora-gcc, r-devel-windows-x86_64, r-patched-linux-x86_64, r-release-linux-x86_64, r-release-macos-arm64, r-release-windows-x86_64