Last updated on 2025-10-31 13:50:50 CET.
| Flavor | Version | Tinstall | Tcheck | Ttotal | Status | Flags | 
|---|---|---|---|---|---|---|
| r-devel-linux-x86_64-debian-clang | 0.8.0 | 4.79 | 45.07 | 49.86 | NOTE | |
| r-devel-linux-x86_64-debian-gcc | 0.8.0 | 3.83 | 35.68 | 39.51 | NOTE | |
| r-devel-linux-x86_64-fedora-clang | 0.8.0 | 18.00 | 60.07 | 78.07 | NOTE | |
| r-devel-linux-x86_64-fedora-gcc | 0.8.0 | 11.00 | 60.23 | 71.23 | NOTE | |
| r-devel-windows-x86_64 | 0.8.0 | 8.00 | 68.00 | 76.00 | NOTE | |
| r-patched-linux-x86_64 | 0.8.0 | 5.34 | 42.81 | 48.15 | NOTE | |
| r-release-linux-x86_64 | 0.8.0 | 4.33 | 43.41 | 47.74 | NOTE | |
| r-release-macos-arm64 | 0.8.0 | 2.00 | 24.00 | 26.00 | NOTE | |
| r-release-macos-x86_64 | 0.8.0 | 4.00 | 38.00 | 42.00 | NOTE | |
| r-release-windows-x86_64 | 0.8.0 | 8.00 | 71.00 | 79.00 | NOTE | |
| r-oldrel-macos-arm64 | 0.8.0 | 2.00 | 27.00 | 29.00 | OK | |
| r-oldrel-macos-x86_64 | 0.8.0 | 4.00 | 41.00 | 45.00 | OK | |
| r-oldrel-windows-x86_64 | 0.8.0 | 10.00 | 81.00 | 91.00 | OK | 
Version: 0.8.0
Check: DESCRIPTION meta-information
Result: NOTE
    Missing dependency on R >= 4.1.0 because package code uses the pipe
    |> or function shorthand \(...) syntax added in R 4.1.0.
    File(s) using such syntax:
      ‘plot.precision.Rd’ ‘ridge.R’
Flavors: r-devel-linux-x86_64-debian-clang, r-devel-linux-x86_64-debian-gcc, r-devel-linux-x86_64-fedora-clang, r-devel-linux-x86_64-fedora-gcc, r-devel-windows-x86_64, r-patched-linux-x86_64, r-release-linux-x86_64, r-release-macos-arm64, r-release-windows-x86_64
Version: 0.8.0
Check: DESCRIPTION meta-information
Result: NOTE
    Missing dependency on R >= 4.1.0 because package code uses the pipe
    |> or function shorthand \(...) syntax added in R 4.1.0.
    File(s) using such syntax:
      ‘ridge.R’
Flavor: r-release-macos-x86_64