Last updated on 2025-11-27 13:48:37 CET.
| Flavor | Version | Tinstall | Tcheck | Ttotal | Status | Flags |
|---|---|---|---|---|---|---|
| r-devel-linux-x86_64-debian-clang | 0.3.3 | 10.20 | 103.91 | 114.11 | NOTE | |
| r-devel-linux-x86_64-debian-gcc | 0.3.3 | 6.93 | 67.99 | 74.92 | NOTE | |
| r-devel-linux-x86_64-fedora-clang | 0.3.3 | 21.00 | 163.71 | 184.71 | NOTE | |
| r-devel-linux-x86_64-fedora-gcc | 0.3.3 | 40.00 | 141.05 | 181.05 | NOTE | |
| r-devel-windows-x86_64 | 0.3.3 | 22.00 | 112.00 | 134.00 | NOTE | |
| r-patched-linux-x86_64 | 0.3.3 | 9.79 | 99.66 | 109.45 | NOTE | |
| r-release-linux-x86_64 | 0.3.3 | 9.51 | 98.64 | 108.15 | NOTE | |
| r-release-macos-arm64 | 0.3.3 | NOTE | ||||
| r-release-macos-x86_64 | 0.3.3 | 9.00 | 83.00 | 92.00 | NOTE | |
| r-release-windows-x86_64 | 0.3.3 | 17.00 | 107.00 | 124.00 | NOTE | |
| r-oldrel-macos-arm64 | 0.3.3 | NOTE | ||||
| r-oldrel-macos-x86_64 | 0.3.3 | 7.00 | 68.00 | 75.00 | NOTE | |
| r-oldrel-windows-x86_64 | 0.3.3 | 19.00 | 157.00 | 176.00 | NOTE |
Version: 0.3.3
Check: C++ specification
Result: NOTE
Specified C++11: please drop specification unless essential
Flavors: r-devel-linux-x86_64-debian-clang, r-devel-linux-x86_64-debian-gcc, r-devel-windows-x86_64, r-patched-linux-x86_64, r-release-linux-x86_64, r-release-macos-arm64, r-release-macos-x86_64, r-release-windows-x86_64, r-oldrel-macos-arm64, r-oldrel-macos-x86_64, r-oldrel-windows-x86_64
Version: 0.3.3
Check: C++ specification
Result: NOTE
Specified C++11: support will be removed soon
Flavors: r-devel-linux-x86_64-fedora-clang, r-devel-linux-x86_64-fedora-gcc