Last updated on 2025-10-31 13:50:51 CET.
| Flavor | Version | Tinstall | Tcheck | Ttotal | Status | Flags | 
|---|---|---|---|---|---|---|
| r-devel-linux-x86_64-debian-clang | 0.38 | 2.83 | 26.89 | 29.72 | NOTE | |
| r-devel-linux-x86_64-debian-gcc | 0.38 | 2.24 | 21.48 | 23.72 | NOTE | |
| r-devel-linux-x86_64-fedora-clang | 0.38 | 43.81 | NOTE | |||
| r-devel-linux-x86_64-fedora-gcc | 0.38 | 41.41 | NOTE | |||
| r-devel-windows-x86_64 | 0.38 | 5.00 | 52.00 | 57.00 | OK | |
| r-patched-linux-x86_64 | 0.38 | 2.83 | 25.51 | 28.34 | OK | |
| r-release-linux-x86_64 | 0.38 | 2.74 | 25.59 | 28.33 | OK | |
| r-release-macos-arm64 | 0.38 | 2.00 | 18.00 | 20.00 | OK | |
| r-release-macos-x86_64 | 0.38 | 5.00 | 35.00 | 40.00 | OK | |
| r-release-windows-x86_64 | 0.38 | 5.00 | 59.00 | 64.00 | OK | |
| r-oldrel-macos-arm64 | 0.38 | 2.00 | 17.00 | 19.00 | OK | |
| r-oldrel-macos-x86_64 | 0.38 | 4.00 | 22.00 | 26.00 | OK | |
| r-oldrel-windows-x86_64 | 0.38 | 5.00 | 51.00 | 56.00 | OK | 
Version: 0.38
Check: CRAN incoming feasibility
Result: NOTE
  Maintainer: ‘David Duffy <David.Duffy@qimrberghofer.edu.au>’
  
  No Authors@R field in DESCRIPTION.
  Please add one, modifying
    Authors@R: c(person(given = c("David", "Duffy.", "C", "code", "in", "emgllmfitter", "by", "Andreas", "Borg"),
                        family = "<borg@imbei.uni-mainz.de>",
                        role = "aut",
                        email = "borg@imbei.uni-mainz.de"),
                 person(given = "David",
                        family = "Duffy",
                        role = "cre",
                        email = "David.Duffy@qimrberghofer.edu.au"))
  as necessary.
Flavors: r-devel-linux-x86_64-debian-clang, r-devel-linux-x86_64-debian-gcc
Version: 0.38
Check: compiled code
Result: NOTE
  File ‘gllm/libs/gllm.so’:
    Found no calls to: ‘R_registerRoutines’, ‘R_useDynamicSymbols’
  
  It is good practice to register native routines and to disable symbol
  search.
  
  See ‘Writing portable packages’ in the ‘Writing R Extensions’ manual.
Flavors: r-devel-linux-x86_64-fedora-clang, r-devel-linux-x86_64-fedora-gcc