Last updated on 2025-11-14 12:50:13 CET.
| Flavor | Version | Tinstall | Tcheck | Ttotal | Status | Flags |
|---|---|---|---|---|---|---|
| r-devel-linux-x86_64-debian-clang | 1.6.12 | 150.61 | 106.12 | 256.73 | OK | |
| r-devel-linux-x86_64-debian-gcc | 1.6.12 | 88.02 | 70.57 | 158.59 | OK | |
| r-devel-linux-x86_64-fedora-clang | 1.6.12 | 262.00 | 251.64 | 513.64 | OK | |
| r-devel-linux-x86_64-fedora-gcc | 1.6.12 | 161.00 | 273.85 | 434.85 | OK | |
| r-devel-windows-x86_64 | 1.6.12 | 176.00 | 132.00 | 308.00 | OK | |
| r-patched-linux-x86_64 | 1.6.12 | 145.03 | 101.97 | 247.00 | OK | |
| r-release-linux-x86_64 | 1.6.12 | 144.82 | 101.44 | 246.26 | OK | |
| r-release-macos-arm64 | 1.6.12 | 47.00 | 44.00 | 91.00 | OK | |
| r-release-macos-x86_64 | 1.6.12 | 51.00 | 114.00 | 165.00 | OK | |
| r-release-windows-x86_64 | 1.6.12 | 174.00 | 129.00 | 303.00 | OK | |
| r-oldrel-macos-arm64 | 1.6.12 | 47.00 | 53.00 | 100.00 | NOTE | |
| r-oldrel-macos-x86_64 | 1.6.12 | 47.00 | 87.00 | 134.00 | NOTE | |
| r-oldrel-windows-x86_64 | 1.6.12 | 204.00 | 167.00 | 371.00 | OK |
Version: 1.6.12
Check: installed package size
Result: NOTE
installed size is 7.6Mb
sub-directories of 1Mb or more:
libs 5.9Mb
Flavors: r-oldrel-macos-arm64, r-oldrel-macos-x86_64