Last updated on 2025-11-28 13:50:01 CET.
| Flavor | Version | Tinstall | Tcheck | Ttotal | Status | Flags |
|---|---|---|---|---|---|---|
| r-devel-linux-x86_64-fedora-clang | 0.1.0 | 272.00 | 41.46 | 313.46 | OK | |
| r-devel-linux-x86_64-fedora-gcc | 0.1.0 | 296.00 | 7.47 | 303.47 | OK | |
| r-release-macos-x86_64 | 0.1.0 | 51.00 | 187.00 | 238.00 | OK | |
| r-oldrel-macos-x86_64 | 0.1.0 | 57.00 | 230.00 | 287.00 | NOTE | |
| r-oldrel-windows-x86_64 | 0.1.0 | 70.00 | 172.00 | 242.00 | OK |
Version: 0.1.0
Check: installed package size
Result: NOTE
installed size is 5.8Mb
sub-directories of 1Mb or more:
doc 1.1Mb
libs 3.8Mb
Flavor: r-oldrel-macos-x86_64